{"id":436,"date":"2018-05-04T22:33:16","date_gmt":"2018-05-04T22:33:16","guid":{"rendered":"http:\/\/lafundicio.net\/kerasbuti\/?page_id=436"},"modified":"2022-10-25T16:27:44","modified_gmt":"2022-10-25T16:27:44","slug":"rromano-kidipen","status":"publish","type":"page","link":"https:\/\/lafundicio.net\/kerasbuti\/lescola-popular\/rromano-kidipen\/","title":{"rendered":"Rromano kidipen"},"content":{"rendered":"<h2 style=\"text-align: center;\">Tramant hist\u00f2ries i cistelles<\/h2>\n<p><a href=\"https:\/\/lafundicio.net\/kerasbuti\/wp-content\/uploads\/sites\/7\/2018\/05\/Rromano-kidipen.png\"><img loading=\"lazy\" decoding=\"async\" src=\"https:\/\/lafundicio.net\/kerasbuti\/wp-content\/uploads\/sites\/7\/2018\/05\/Rromano-kidipen.png\" alt=\"\" width=\"1200\" height=\"499\" \/><\/a><\/p>\n<h5 style=\"text-align: center;\">\u00a0<\/h5>\n<p>El Rromano Kidipen (o trobada cultural gitana) \u00e9s un esdeveniment social i cultural impulsat per l\u2019Associaci\u00f3 Lacho Baji Cali i LaFundici\u00f3 des de 2017 que s\u2019organitza com una trobada, generalment a l\u2019espai p\u00fablic on es comparteixen coneixements sobre l\u2019elaboraci\u00f3 de cistelles (<i>korn\u00ec\u0107\u01ce<\/i> en roman\u00f3, adapatat com a <i>cornichas<\/i> en cal\u00f3) i es conversa sobre la mem\u00f2ria de les comunitats i els territoris on es desenvolupa la trobada.<\/p>\n<p>Fins a la data s\u2019han organitzat tres Rromano Kidipen: als barris del Gornal i La Florida de L\u2019Hospitalet, a La Virreina Centre de la Imatge, a Barcelona, al barri del Raval de Barcelona en el marc del Festival Raval(s) i al Mercat de la Marina (Barcelona).<\/p>\n","protected":false},"excerpt":{"rendered":"<p>Tramant hist\u00f2ries i cistelles \u00a0 El Rromano Kidipen (o trobada cultural gitana) \u00e9s un esdeveniment social i cultural impulsat per l\u2019Associaci\u00f3 Lacho Baji Cali i LaFundici\u00f3 des de 2017 que s\u2019organitza com una trobada, generalment a l\u2019espai p\u00fablic on es comparteixen coneixements sobre l\u2019elaboraci\u00f3 de cistelles (korn\u00ec\u0107\u01ce en roman\u00f3, adapatat com a cornichas en cal\u00f3) [&#8230;]\n","protected":false},"author":1,"featured_media":437,"parent":220,"menu_order":5,"comment_status":"closed","ping_status":"closed","template":"","meta":{"footnotes":""},"class_list":["post-436","page","type-page","status-publish","has-post-thumbnail","hentry"],"_links":{"self":[{"href":"https:\/\/lafundicio.net\/kerasbuti\/wp-json\/wp\/v2\/pages\/436","targetHints":{"allow":["GET"]}}],"collection":[{"href":"https:\/\/lafundicio.net\/kerasbuti\/wp-json\/wp\/v2\/pages"}],"about":[{"href":"https:\/\/lafundicio.net\/kerasbuti\/wp-json\/wp\/v2\/types\/page"}],"author":[{"embeddable":true,"href":"https:\/\/lafundicio.net\/kerasbuti\/wp-json\/wp\/v2\/users\/1"}],"replies":[{"embeddable":true,"href":"https:\/\/lafundicio.net\/kerasbuti\/wp-json\/wp\/v2\/comments?post=436"}],"version-history":[{"count":8,"href":"https:\/\/lafundicio.net\/kerasbuti\/wp-json\/wp\/v2\/pages\/436\/revisions"}],"predecessor-version":[{"id":1398,"href":"https:\/\/lafundicio.net\/kerasbuti\/wp-json\/wp\/v2\/pages\/436\/revisions\/1398"}],"up":[{"embeddable":true,"href":"https:\/\/lafundicio.net\/kerasbuti\/wp-json\/wp\/v2\/pages\/220"}],"wp:featuredmedia":[{"embeddable":true,"href":"https:\/\/lafundicio.net\/kerasbuti\/wp-json\/wp\/v2\/media\/437"}],"wp:attachment":[{"href":"https:\/\/lafundicio.net\/kerasbuti\/wp-json\/wp\/v2\/media?parent=436"}],"curies":[{"name":"wp","href":"https:\/\/api.w.org\/{rel}","templated":true}]}}