{"id":220,"date":"2018-02-19T12:10:25","date_gmt":"2018-02-19T12:10:25","guid":{"rendered":"http:\/\/lafundicio.net\/kerasbuti\/?page_id=220"},"modified":"2024-11-07T16:23:12","modified_gmt":"2024-11-07T16:23:12","slug":"lescola-popular","status":"publish","type":"page","link":"https:\/\/lafundicio.net\/kerasbuti\/lescola-popular\/","title":{"rendered":"ASSOCIACI\u00d3 KERAS BUTI"},"content":{"rendered":"\n<p><\/p>\n\n\n\n<p class=\"has-large-font-size\">Keras Buti (\u201cfem coses\u201d en roman\u00f3) impulsa processos, pr\u00e0ctiques i organitzaci\u00f3 col\u00b7lectiva entorn de sabers i fers vinculats al Poble Gitano.<\/p>\n\n\n\n<p>Sabers i fers que han articulat alhora una manera de sentir i estar al m\u00f3n que ha resistit a les l\u00f2giques de la modernitat occidental, capitalista i blanca. Des d&#8217;una perspectiva gitana, el projecte Keras Buti explora les formes en qu\u00e8 els sabers i la cultura es poden articular amb formes d&#8217;economia que posin la vida al centre, i en particular des de la pr\u00e0ctica de l&#8217;economia social i solid\u00e0ria.<\/p>\n\n\n\n<p>El projecte Keras Buti \u00e9s impulsat inicialment el 2018 per l&#8217;associaci\u00f3 gitana de l&#8217;Hospitalet Lacho Baji Cali i la cooperativa LaFundici\u00f3. El 2019 les dues entitats constitueixen l&#8217;Associaci\u00f3 Keras Buti.<\/p>\n\n\n\n<p>Keras Buti proposa recuperar i actualitzar sabers i pr\u00e0ctiques hist\u00f2ricament vinculades i constitutives de la Rromanipen, posant-les en relaci\u00f3 amb altres epistemologies i economies amb qu\u00e8 comparteix el seu car\u00e0cter contrahegem\u00f2nic tals com les cultures i les economies camperoles o l&#8217;economia social i solid\u00e0ria. El projecte es proposa recuperar pr\u00e0ctiques i sabers vinculats al Poble Gitano sense folckloritzar-los, sin\u00f3, al contrari, actualitzant-los de manera que tinguin sentit i siguin \u00fatils a les necessitats materials i simb\u00f2liques contempor\u00e0nies, amb baxtalipen (felicitat, fortuna).<\/p>\n\n\n\n<p>Keras Buti impulsa el reconeixement d&#8217;aquests sabers i de pr\u00e0ctiques en el context social i institucional dominant. Els eixos de treball del projecte s\u00f3n l&#8217;educaci\u00f3 popular cr\u00edtica i l&#8217;ecofeminisme, la sobirania aliment\u00e0ria i la bona vida.<\/p>\n\n\n\n<p>Finan\u00e7a<\/p>\n\n\n\n<figure class=\"wp-block-image size-full is-resized\"><img loading=\"lazy\" decoding=\"async\" width=\"1379\" height=\"702\" src=\"https:\/\/lafundicio.net\/kerasbuti\/wp-content\/uploads\/sites\/7\/2024\/11\/LOGOTYPE-Partenaires-Principal_F-Carasso_FR_RVB.png\" alt=\"\" class=\"wp-image-1616\" style=\"width:191px;height:auto\" srcset=\"https:\/\/lafundicio.net\/kerasbuti\/wp-content\/uploads\/sites\/7\/2024\/11\/LOGOTYPE-Partenaires-Principal_F-Carasso_FR_RVB.png 1379w, https:\/\/lafundicio.net\/kerasbuti\/wp-content\/uploads\/sites\/7\/2024\/11\/LOGOTYPE-Partenaires-Principal_F-Carasso_FR_RVB-786x400.png 786w, https:\/\/lafundicio.net\/kerasbuti\/wp-content\/uploads\/sites\/7\/2024\/11\/LOGOTYPE-Partenaires-Principal_F-Carasso_FR_RVB-768x391.png 768w, https:\/\/lafundicio.net\/kerasbuti\/wp-content\/uploads\/sites\/7\/2024\/11\/LOGOTYPE-Partenaires-Principal_F-Carasso_FR_RVB-510x260.png 510w\" sizes=\"auto, (max-width: 1379px) 100vw, 1379px\" \/><\/figure>\n\n\n\n<p><\/p>\n","protected":false},"excerpt":{"rendered":"<p>Keras Buti (\u201cfem coses\u201d en roman\u00f3) impulsa processos, pr\u00e0ctiques i organitzaci\u00f3 col\u00b7lectiva entorn de sabers i fers vinculats al Poble Gitano. Sabers i fers que han articulat alhora una manera de sentir i estar al m\u00f3n que ha resistit a les l\u00f2giques de la modernitat occidental, capitalista i blanca. Des d&#8217;una perspectiva gitana, el projecte [&#8230;]\n","protected":false},"author":1,"featured_media":0,"parent":0,"menu_order":1,"comment_status":"closed","ping_status":"closed","template":"","meta":{"footnotes":""},"class_list":["post-220","page","type-page","status-publish","hentry"],"_links":{"self":[{"href":"https:\/\/lafundicio.net\/kerasbuti\/wp-json\/wp\/v2\/pages\/220","targetHints":{"allow":["GET"]}}],"collection":[{"href":"https:\/\/lafundicio.net\/kerasbuti\/wp-json\/wp\/v2\/pages"}],"about":[{"href":"https:\/\/lafundicio.net\/kerasbuti\/wp-json\/wp\/v2\/types\/page"}],"author":[{"embeddable":true,"href":"https:\/\/lafundicio.net\/kerasbuti\/wp-json\/wp\/v2\/users\/1"}],"replies":[{"embeddable":true,"href":"https:\/\/lafundicio.net\/kerasbuti\/wp-json\/wp\/v2\/comments?post=220"}],"version-history":[{"count":11,"href":"https:\/\/lafundicio.net\/kerasbuti\/wp-json\/wp\/v2\/pages\/220\/revisions"}],"predecessor-version":[{"id":1623,"href":"https:\/\/lafundicio.net\/kerasbuti\/wp-json\/wp\/v2\/pages\/220\/revisions\/1623"}],"wp:attachment":[{"href":"https:\/\/lafundicio.net\/kerasbuti\/wp-json\/wp\/v2\/media?parent=220"}],"curies":[{"name":"wp","href":"https:\/\/api.w.org\/{rel}","templated":true}]}}