{"id":1159,"date":"2022-09-30T15:27:53","date_gmt":"2022-09-30T15:27:53","guid":{"rendered":"http:\/\/lafundicio.net\/kerasbuti\/?page_id=1159"},"modified":"2024-02-19T10:19:13","modified_gmt":"2024-02-19T10:19:13","slug":"com-fer-te-socia","status":"publish","type":"page","link":"https:\/\/lafundicio.net\/kerasbuti\/com-fer-te-socia\/","title":{"rendered":"Fes-te s\u00f2cia de Keras Buti"},"content":{"rendered":"<p>Benvinguda a Keras Buti! Tot el que necessites saber per fer-te s\u00f2cia.<\/p>\n<h4>Primer pas: Les quotes<\/h4>\n<p>Per participar en la cooperativa, el primer que has de fer \u00e9s associar-te. Aix\u00f2 implica:<\/p>\n<ul>\n<li><strong>Quota d\u2019entrada de 10 euros<\/strong>, com a capital social, que es retornen en cas<br>que decideixis marxar de la coope.<\/li>\n<li><strong><span style=\"font-size: revert; color: initial;\">Q<\/span><\/strong><strong style=\"font-size: revert; color: initial;\">uota anual de 25 euros<\/strong><span style=\"font-size: revert; color: initial;\">, destinada a cobrir les despeses b\u00e0siques de la cooperativa, principalment impostos i gestoria.<\/span><\/li>\n<\/ul>\n<p>Un cop pagades les quotes, ja podr\u00e0s participar en la<strong> comanda quinzenal de cistelles de verdures<\/strong>!<\/p>\n<h4>Segon pas: Les cistelles!<\/h4>\n<p>Les opcions de comanda s\u00f3n les seg\u00fcents:<br>&#8211; <strong>Cistella tancada gran<\/strong>, amb 6-7 varietats de productes de temporada, <strong>16 euros.<\/strong><br>&#8211; <strong>Cistella tancada petita<\/strong>, amb 5-6 varietats de productes de temporada, <strong>12 euros<\/strong>.<\/p>\n<p>Tamb\u00e9, si demanes cistelles, pots incloure altres<strong> productes extres<\/strong> de la nostra <a href=\"https:\/\/kerasbuti.org\/shop\">botiga<\/a><\/p>\n<p>Tenim diferents <strong>nodes de distribuci\u00f3<\/strong><\/p>\n<p><strong>A L&#8217;Hospitalet:<\/strong><\/p>\n<p>&#8211; <strong>Bellvitge<\/strong>, Espai de LaFundici\u00f3, c\/ Prado,11<br>&#8211; <strong>Torrassa<\/strong>, La Pla\u00e7a Natural, a c\/ Moss\u00e8n Jaume Busquets, 4<br>&#8211; <strong>La Florida<\/strong>, Espai Pomezia, c\/ Pins,10<\/p>\n<p><strong>A Barcelona<\/strong><br>&#8211; <strong>Barcelona<\/strong>, Keras Buti Botiga, c\/ Ulldecona, 24<\/p>\n<h4>Tercer pas: Fes-te s\u00f2cia!<\/h4>\n<p>Si veus que el que t\u2019expliquem t&#8217;encaixa i s&#8217;ajusta als teus valors, fes-te s\u00f2cia de Keras Buti!<\/p>\n<p>Escriu-nos a: <a href=\"mailto:kerasbuticoop@riseup.net\">kerasbuticoop@riseup.net<\/a>| O truca&#8217;ns al <strong>641158191&nbsp;<\/strong><\/p>\n<h3>Un altre sistema agroalimentari \u00e9s possible. Fes-ho realitat!<\/h3>\n<p>&nbsp;<\/p>\n\n\n<div class=\"wp-block-contact-form-7-contact-form-selector\">\n<div class=\"wpcf7 no-js\" id=\"wpcf7-f18-o1\" lang=\"es-ES\" dir=\"ltr\" data-wpcf7-id=\"18\">\n<div class=\"screen-reader-response\"><p role=\"status\" aria-live=\"polite\" aria-atomic=\"true\"><\/p> <ul><\/ul><\/div>\n<form action=\"\/kerasbuti\/wp-json\/wp\/v2\/pages\/1159#wpcf7-f18-o1\" method=\"post\" class=\"wpcf7-form init\" aria-label=\"Formulario de contacto\" novalidate=\"novalidate\" data-status=\"init\">\n<fieldset class=\"hidden-fields-container\"><input type=\"hidden\" name=\"_wpcf7\" value=\"18\" \/><input type=\"hidden\" name=\"_wpcf7_version\" value=\"6.1.5\" \/><input type=\"hidden\" name=\"_wpcf7_locale\" value=\"es_ES\" \/><input type=\"hidden\" name=\"_wpcf7_unit_tag\" value=\"wpcf7-f18-o1\" \/><input type=\"hidden\" name=\"_wpcf7_container_post\" value=\"0\" \/><input type=\"hidden\" name=\"_wpcf7_posted_data_hash\" value=\"\" \/>\n<\/fieldset>\n<p><label> Nombre (requerido)<br \/>\n<span class=\"wpcf7-form-control-wrap\" data-name=\"your-name\"><input size=\"40\" maxlength=\"400\" class=\"wpcf7-form-control wpcf7-text wpcf7-validates-as-required\" aria-required=\"true\" aria-invalid=\"false\" value=\"\" type=\"text\" name=\"your-name\" \/><\/span> <\/label>\n<\/p>\n<p><label> Correo electr\u00f3nico (requerido)<br \/>\n<span class=\"wpcf7-form-control-wrap\" data-name=\"your-email\"><input size=\"40\" maxlength=\"400\" class=\"wpcf7-form-control wpcf7-email wpcf7-validates-as-required wpcf7-text wpcf7-validates-as-email\" aria-required=\"true\" aria-invalid=\"false\" value=\"\" type=\"email\" name=\"your-email\" \/><\/span> <\/label>\n<\/p>\n<p><label> Asunto<br \/>\n<span class=\"wpcf7-form-control-wrap\" data-name=\"your-subject\"><input size=\"40\" maxlength=\"400\" class=\"wpcf7-form-control wpcf7-text\" aria-invalid=\"false\" value=\"\" type=\"text\" name=\"your-subject\" \/><\/span> <\/label>\n<\/p>\n<p><label> Mensaje<br \/>\n<span class=\"wpcf7-form-control-wrap\" data-name=\"your-message\"><textarea cols=\"40\" rows=\"10\" maxlength=\"2000\" class=\"wpcf7-form-control wpcf7-textarea\" aria-invalid=\"false\" name=\"your-message\"><\/textarea><\/span> <\/label>\n<\/p>\n<p><input class=\"wpcf7-form-control wpcf7-submit has-spinner\" type=\"submit\" value=\"Enviar\" \/>\n<\/p><div class=\"wpcf7-response-output\" aria-hidden=\"true\"><\/div>\n<\/form>\n<\/div>\n<\/div>\n","protected":false},"excerpt":{"rendered":"<p>Benvinguda a Keras Buti! Tot el que necessites saber per fer-te s\u00f2cia. Primer pas: Les quotes Per participar en la cooperativa, el primer que has de fer \u00e9s associar-te. Aix\u00f2 implica: Quota d\u2019entrada de 10 euros, com a capital social, que es retornen en casque decideixis marxar de la coope. Quota anual de 25 euros, [&#8230;]\n","protected":false},"author":1,"featured_media":0,"parent":0,"menu_order":0,"comment_status":"closed","ping_status":"closed","template":"","meta":{"ngg_post_thumbnail":0,"footnotes":""},"class_list":["post-1159","page","type-page","status-publish","hentry"],"_links":{"self":[{"href":"https:\/\/lafundicio.net\/kerasbuti\/wp-json\/wp\/v2\/pages\/1159","targetHints":{"allow":["GET"]}}],"collection":[{"href":"https:\/\/lafundicio.net\/kerasbuti\/wp-json\/wp\/v2\/pages"}],"about":[{"href":"https:\/\/lafundicio.net\/kerasbuti\/wp-json\/wp\/v2\/types\/page"}],"author":[{"embeddable":true,"href":"https:\/\/lafundicio.net\/kerasbuti\/wp-json\/wp\/v2\/users\/1"}],"replies":[{"embeddable":true,"href":"https:\/\/lafundicio.net\/kerasbuti\/wp-json\/wp\/v2\/comments?post=1159"}],"version-history":[{"count":10,"href":"https:\/\/lafundicio.net\/kerasbuti\/wp-json\/wp\/v2\/pages\/1159\/revisions"}],"predecessor-version":[{"id":1548,"href":"https:\/\/lafundicio.net\/kerasbuti\/wp-json\/wp\/v2\/pages\/1159\/revisions\/1548"}],"wp:attachment":[{"href":"https:\/\/lafundicio.net\/kerasbuti\/wp-json\/wp\/v2\/media?parent=1159"}],"curies":[{"name":"wp","href":"https:\/\/api.w.org\/{rel}","templated":true}]}}