{"id":1143,"date":"2022-09-30T15:06:23","date_gmt":"2022-09-30T15:06:23","guid":{"rendered":"http:\/\/lafundicio.net\/kerasbuti\/?page_id=1143"},"modified":"2022-10-18T16:45:56","modified_gmt":"2022-10-18T16:45:56","slug":"les-cabasses","status":"publish","type":"page","link":"https:\/\/lafundicio.net\/kerasbuti\/les-cabasses\/","title":{"rendered":"Les Cabasses"},"content":{"rendered":"\n<p><strong>Les Cabasses \u00e9s un lloc de producci\u00f3 material i simb\u00f2lica: una finca de 2 hect\u00e0rees dedicades al cultiu ecol\u00f2gic i alhora un espai per a la producci\u00f3 d&#8217;imaginaris i pr\u00e0ctiques rururbanes per a la transici\u00f3 ecosocial, situada al socioecosistema del Parc Agrari del Baix Llobregat i el seu delta.<\/strong> <\/p>\n\n\n\n<figure class=\"wp-block-image size-large\"><img decoding=\"async\" src=\"https:\/\/lafundicio.net\/wp-content\/uploads\/2021\/10\/les_cabasses.jpg\" alt=\"\" class=\"wp-image-4067\"\/><\/figure>\n\n\n\n<p>Les Cabasses representa el punt material i simb\u00f2lic de vincle entre el territori ruruurb\u00e0 del Parc Agrari amb els processos culturals i econ\u00f2mics impulsats per LaFundici\u00f3 al territori urb\u00e0 perif\u00e8ric de <strong>l\u2019Hospitalet<\/strong> i <strong>la Marina<\/strong> (Barcelona). <\/p>\n\n\n\n<p>La producci\u00f3 agr\u00edcola de Les Cabasses s&#8217;integra en un curt circuit de producci\u00f3, distribuci\u00f3 i consum impulsat per LaFundici\u00f3 des del 2018, quan s&#8217;inicia el projecte <a href=\"https:\/\/lafundicio.net\/kerasbuti\/\"><strong><em>Keras Buti<\/em><\/strong><\/a>. D&#8217;una banda, la seva producci\u00f3 agr\u00edcola es destinar\u00e0 a la <strong><a href=\"https:\/\/lafundicio.net\/kerasbuti\/cooperativa\/cistelles-verdura-ecologica\/\">cooperativa Kera Buti<\/a><\/strong>, a la botiga ecol\u00f2gica i espai comunitari <strong>Keras Buti Chalmeta<\/strong> (situat a la cooperativa d&#8217;habitatge <strong><a href=\"https:\/\/www.lachalmeta.coop\">La Chalmeta<\/a><\/strong>) i a les cuines dels menjadors comunitaris <a href=\"https:\/\/lafundicio.net\/kerasbuti\/centre-sabers-gitanos\/\"><strong>La Suculenta<\/strong><\/a>, alhora que permet crear llocs de feina per a persones migrants i de la comunitat gitana de l&#8217;Hospitalet. Aquest circuit t\u00e9 com a objectiu generar economies viables i sostenibles que permetin satisfer necessitats b\u00e0siques de les perif\u00e8ries urbanes, de manera respectuosa amb les persones, el medi ambient i el territori i que funcionin sota criteris democr\u00e0tics i de just\u00edcia social.<\/p>\n\n\n\n<figure class=\"wp-block-image size-large\"><img decoding=\"async\" src=\"https:\/\/lafundicio.net\/wp-content\/uploads\/2021\/10\/zuhari_abelles.jpg\" alt=\"\" class=\"wp-image-4070\"\/><\/figure>\n\n\n\n<p>D&#8217;altra banda, Les Cabasses \u00e9s l&#8217;escenari de diversos processos i espais de pensament i de pr\u00e0ctica que exploren les relacions d&#8217;interdepend\u00e8ncia entre la producci\u00f3 material i la producci\u00f3 simb\u00f2lica, entenent que totes dues es sobredeterminen rec\u00edprocament. Aix\u00ed doncs, tant la producci\u00f3 d&#8217;aliments com les transformacions materials del paisatge necess\u00e0ries per obtenir-los, estan condicionades per tota una s\u00e8rie de relats, imaginaris i pr\u00e0ctiques culturals. I ben al contrari, la visi\u00f3 del m\u00f3n que aquests relats, imaginaris i pr\u00e0ctiques culturals ens retornen, condiciona la manera com habitem el territori i modifiquem el seu paisatge.<\/p>\n\n\n\n<figure class=\"wp-block-image size-large\"><img decoding=\"async\" src=\"https:\/\/lafundicio.net\/wp-content\/uploads\/2021\/10\/barraca_les_cabasses.jpg\" alt=\"\" class=\"wp-image-4068\"\/><\/figure>\n\n\n\n<p>Les Cabasses \u00e9s, doncs, un espai per assajar pr\u00e0ctiques culturals situades i produir i posar en circulaci\u00f3 imaginaris i relats que ens ajudin a comprendre millor les relacions i els processos sist\u00e8mics que travessen i configuren el territori, alhora que ens permeten construir una economia social i solid\u00e0ria i una vida bona, com d\u00e8iem, respectuosa amb les persones i el medi ambient.<\/p>\n\n\n\n<p>Entre els processos d&#8217;investigaci\u00f3 i creaci\u00f3 que ja s&#8217;han iniciat o es posaran en marxa properament hi ha sengles espais de pr\u00e0ctica, investigaci\u00f3 i construcci\u00f3 col\u00b7lectiva entorn de la cuina pol\u00edtica (en col\u00b7laboraci\u00f3 amb l&#8217;artista <strong><a href=\"https:\/\/latentmemories.wordpress.com\">Marina Monson\u00eds<\/a><\/strong> i les <strong>fibres vegetals<\/strong> (amb la col\u00b7laboraci\u00f3) amb l&#8217;artesana <strong><a href=\"http:\/\/monicaguilera.blogspot.com\">M\u00f2nica Guilera<\/a><\/strong>), la pr\u00e0ctica i la disseminaci\u00f3 de la <strong>cultura de les abelles<\/strong> i l&#8217;<strong>apicultura sostenible<\/strong> (en col\u00b7laboraci\u00f3 amb l&#8217;associaci\u00f3 <strong><a href=\"https:\/\/zuhari.org\">Zuhari<\/a><\/strong>), intervencions de bioconstrucci\u00f3 per al condicionament de les infraestructures de Les Cabasses (en col\u00b7laboraci\u00f3 amb <strong>Michele Pecoraro<\/strong>, impulsor del projecte <a href=\"https:\/\/nosolopaja.wordpress.com\"><strong>nosolopaja<\/strong><\/a>) o un futur grup d&#8217;autoformaci\u00f3 sobre <strong>ecologia pol\u00edtica<\/strong>, el concepte de <strong>capitaloc\u00e8<\/strong> i els <strong>arranjaments temporals i espacials del capitalisme<\/strong> al propi territori del delta del Llobregat. <\/p>\n\n\n\n<figure class=\"wp-block-image size-large\"><img decoding=\"async\" src=\"https:\/\/lafundicio.net\/wp-content\/uploads\/2021\/10\/WC_chispas.jpg\" alt=\"\" class=\"wp-image-4069\"\/><\/figure>\n\n\n\n<p>Les Cabasses \u00e9s propietat de LaFundici\u00f3. Considerem la seva adquisici\u00f3 com una acci\u00f3 pol\u00edtica que t\u00e9 com a objectiu deliberat rescatar les terres del mercat especulatiu del s\u00f2l i l&#8217;aclaparament de terres per a monocultiu que amenacen el futur de l&#8217;activitat agr\u00edcola al delta del Llobregat i dificulten l&#8217;acc\u00e9s a la terra als joves agricultors i, per tant, al relleu generacional de la pagesia. La finca \u00e9s cultivada en r\u00e8gim d&#8217;usdefruit per <strong>Jonas Abreu,<\/strong> impulsor del projecte d&#8217;agricultura ecol\u00f2gica <strong><a href=\"https:\/\/lhortdelerisso.wordpress.com\">L&#8217;hort de l&#8217;eri\u00e7\u00f3<\/a><\/strong>.   <\/p>\n\n\n\n<figure class=\"wp-block-image size-large\"><img decoding=\"async\" src=\"https:\/\/lafundicio.net\/wp-content\/uploads\/2021\/10\/arado.jpg\" alt=\"\" class=\"wp-image-4071\"\/><\/figure>\n","protected":false},"excerpt":{"rendered":"<p>Les Cabasses \u00e9s un lloc de producci\u00f3 material i simb\u00f2lica: una finca de 2 hect\u00e0rees dedicades al cultiu ecol\u00f2gic i alhora un espai per a la producci\u00f3 d&#8217;imaginaris i pr\u00e0ctiques rururbanes per a la transici\u00f3 ecosocial, situada al socioecosistema del Parc Agrari del Baix Llobregat i el seu delta. Les Cabasses representa el punt material [&#8230;]\n","protected":false},"author":1,"featured_media":0,"parent":0,"menu_order":0,"comment_status":"closed","ping_status":"closed","template":"","meta":{"ngg_post_thumbnail":0,"footnotes":""},"class_list":["post-1143","page","type-page","status-publish","hentry"],"_links":{"self":[{"href":"https:\/\/lafundicio.net\/kerasbuti\/wp-json\/wp\/v2\/pages\/1143","targetHints":{"allow":["GET"]}}],"collection":[{"href":"https:\/\/lafundicio.net\/kerasbuti\/wp-json\/wp\/v2\/pages"}],"about":[{"href":"https:\/\/lafundicio.net\/kerasbuti\/wp-json\/wp\/v2\/types\/page"}],"author":[{"embeddable":true,"href":"https:\/\/lafundicio.net\/kerasbuti\/wp-json\/wp\/v2\/users\/1"}],"replies":[{"embeddable":true,"href":"https:\/\/lafundicio.net\/kerasbuti\/wp-json\/wp\/v2\/comments?post=1143"}],"version-history":[{"count":7,"href":"https:\/\/lafundicio.net\/kerasbuti\/wp-json\/wp\/v2\/pages\/1143\/revisions"}],"predecessor-version":[{"id":1378,"href":"https:\/\/lafundicio.net\/kerasbuti\/wp-json\/wp\/v2\/pages\/1143\/revisions\/1378"}],"wp:attachment":[{"href":"https:\/\/lafundicio.net\/kerasbuti\/wp-json\/wp\/v2\/media?parent=1143"}],"curies":[{"name":"wp","href":"https:\/\/api.w.org\/{rel}","templated":true}]}}