{"id":5056,"date":"2023-01-05T14:03:30","date_gmt":"2023-01-05T14:03:30","guid":{"rendered":"https:\/\/lafundicio.net\/projecte\/espaider3\/"},"modified":"2025-10-09T10:43:00","modified_gmt":"2025-10-09T10:43:00","slug":"espaider3","status":"publish","type":"projecte","link":"https:\/\/lafundicio.net\/en\/projecte\/espaider3\/","title":{"rendered":"EspaiDer3*"},"content":{"rendered":"\n<figure class=\"wp-block-image size-large\"><img loading=\"lazy\" decoding=\"async\" width=\"512\" height=\"1024\" src=\"https:\/\/lafundicio.net\/wp-content\/uploads\/2023\/01\/Nuevo-logo-EspaiDer3-512x1024.jpg\" alt=\"\" class=\"wp-image-2773\" srcset=\"https:\/\/lafundicio.net\/wp-content\/uploads\/2023\/01\/Nuevo-logo-EspaiDer3-512x1024.jpg 512w, https:\/\/lafundicio.net\/wp-content\/uploads\/2023\/01\/Nuevo-logo-EspaiDer3-150x300.jpg 150w, https:\/\/lafundicio.net\/wp-content\/uploads\/2023\/01\/Nuevo-logo-EspaiDer3.jpg 1654w\" sizes=\"auto, (max-width: 512px) 100vw, 512px\" \/><\/figure>\n\n<h2 class=\"wp-block-heading\"><em>Introduction<\/em><\/h2>\n\n<p><em>EspaiDer3<\/em> is a project that derives from previous work (projecte3) carried out with a group of 3rd and 4th year secondary school students from the Joanot Martorell institute in Esplugues de Llobregat. projecte3 proposed that a group of students analyze the school institution and propose spatial models and alternative content for the school, under an educational logic in which the voice and knowledge of the students themselves had a place. <\/p>\n\n<blockquote class=\"wp-block-quote is-layout-flow wp-block-quote-is-layout-flow\"><p>EspaiDer3* proposes to a group of young people from the neighborhoods of Can Vidalet (Esplugues de Llobregat) and Pubilla Casas (L\u2019Hospitalet) constituted as Associaci\u00f3 Juvenil EspaiDer3<em>, to collectively build and manage a center of a cultural, social and leisure nature, with a program of activities aimed at other young people in the neighborhood and open to citizen participation. EspaiDer3 <\/em>  is articulated as a learning community insofar as it bases its \u00abeducational\u00bb action on the collective transformation of public space and the social environment.<\/p><\/blockquote>\n\n<h2 class=\"wp-block-heading\">Customization Workshop<\/h2>\n\n<p>The first phase of rehabilitation of the prefabricated modules that form the habitable core of the future EspaiDer3* was carried out during the days of February 28 and 29, and March 1 and 2, 2008, with the invaluable collaboration of numerous people interested in the project, during the customization workshop led by Santiago Cirugeda and Catarqsis; EspaiDer3* is a proposal by LaFundici\u00f3 with the participation of the EspaiDer3* youth association and in collaboration with this group of architects.<\/p>\n<div class=\"lazyblock-slider-horizontal-9J51D wp-block-lazyblock-slider-horizontal\"><div class=\"horizontalslider swiper\">\n  <div class=\"img-description helper-text\">Swipe to see more<\/div>\n   <div class=\"swiper-wrapper\">\n    <!-- Slides -->\n    <div class=\"swiper-slide\"><img decoding=\"async\" src=\"https:\/\/lafundicio.net\/wp-content\/uploads\/2023\/01\/Taller-customizacion-EspaiDer3.jpg\" alt=\"photo\"><div class=\"img-description\">Taller de tuneado colectivo de la casa prefabricada cedida por la red Arquitecturas Colectivas al projecte3*. En el taller participaron j\u00f3venes de la asociaci\u00f3n EspaiDer3*, los colectivos Recetas Uranas, catarQsis y Straddle3.<\/div><\/div><div class=\"swiper-slide\"><img decoding=\"async\" src=\"https:\/\/lafundicio.net\/wp-content\/uploads\/2023\/01\/AsambleaEspaiDer3.jpg\" alt=\"photo\"><div class=\"img-description\">Reuni\u00f3n con los j\u00f3venes de la asociaci\u00f3n EspaiDer3*.<\/div><\/div><div class=\"swiper-slide\"><img decoding=\"async\" src=\"https:\/\/lafundicio.net\/wp-content\/uploads\/2023\/01\/EspaiDer3-interior-1.jpg\" alt=\"photo\"><div class=\"img-description\">Interior de la casa prefabricada que deb\u00eda haber devenido el espacio social juvenil EspaiDer3*.<\/div><\/div>   \n  <\/div>\n   <div class=\"swiper-pagination\"><\/div>\n<\/div><\/div>\n<h2 class=\"wp-block-heading\">Objectives<\/h2>\n\n<p>The EspaiDer3* association aims to create a physical space and an associative framework in which young people can participate autonomously in decision-making processes that directly concern them and allow them to play an active and proactive role in the public life of their immediate environment. As an organizing entity, LaFundici\u00f3 collaborates with and advises the association in the self-construction and management of this space. <\/p>\n\n<p>The aim was to abandon the \u2018assistance\u2019 or \u2018service\u2019 paradigm to establish a horizontal area of collaboration between LaFundici\u00f3 and the young participants so that they go from being \u2018users\u2019 to \u2018co-managers\u2019. To enable a platform, resources and tools (material, intellectual and legal) that allow young people to have a direct and effective impact (not only symbolic) on public space and on the \u00abconstruction of the city\u00bb. <\/p>\n\n<p>Critical thinking and action must start from the analysis of the mechanisms of discrimination and domination that lie at the base of social inequalities in order to arrive at transformative proposals that start from the young people themselves.<\/p>\n\n<h2 class=\"wp-block-heading\">\u00abMethodology\u00bb?<\/h2>\n\n<p>Self-construction and self-organization by young people are understood in themselves as the main \u00bf\u00bbpedagogical\u00bb? means. These processes include making decisions about the design of EspaiDer3 itself<em>, participation in its construction during the different phases, on what the bodies and the system of government of the association should be, as well as the activities that could have been carried out. The members of the association met periodically in a participatory assembly and decisions were made by consensus.  <\/em><\/p>\n\n<h2 class=\"wp-block-heading\">Contents<\/h2>\n\n<p><em>From LaFundici\u00f3 we propose to articulate the programming of EspaiDer3<\/em> around two \u00abthematic axes\u00bb:<\/p>\n\n<p><strong>Territory Observatory:<\/strong> Includes all those activities that take the immediate urban and social context as a field of research and\/or action. This area would include all activities related to audiovisual documentation, field work (interviews, routes through the neighborhood&#8230;) and the analysis and post-production of these materials. <\/p>\n\n<p><strong>Artistic and Educational Laboratory<\/strong>: Includes all activities programmed in relation to creativity and learning. At the same time, we propose to explore the possibilities of artistic practice as a means of transforming the environment. This area would include possible exchanges with groups or initiatives that work in the same line of self-management of knowledge and organization.  <\/p>\n\n<h2 class=\"wp-block-heading\">Expected Results<\/h2>\n\n<p>In general terms, the idea was to use EspaiDer3* as a meeting place, archive and, in the long term, office. At the same time, it was contemplated to organize specific activities making use of different spaces, institutional or not, in the neighborhood, thus establishing contact with other agents and groups and \u00abcolonizing\u00bb spaces that are not usually used by young people. <\/p>\n\n<h4 class=\"has-text-align-center wp-block-heading\">Web<\/h4>\n<div class=\"lazyblock-link-list-Z2fGYhS wp-block-lazyblock-link-list\"><section class=\"fullwidthinsidecontainer\">\n  <a target=\"_blank\" class=\"btn btn-huge\" href=\"http:\/\/projecte3.pbworks.com\/w\/page\/19064465\/FrontPage\">http:\/\/projecte3.pbworks.com<\/a><\/section><\/div>","protected":false},"excerpt":{"rendered":"<p>EspaiDer3* was the project to create the headquarters of the EspaiDer3 Youth Association.<\/p>\n<p>An intervention in the public and social space of the Can Vidalet and Pubilla Casas neighborhoods (Esplugues and l\u2019Hospitalet respectively) coordinated by the young people themselves from these neighborhoods and LaFundici\u00f3, with the collaboration of catarQsis and Santiago Cirugeda.<\/p>\n","protected":false},"featured_media":2739,"template":"","categories":[40],"class_list":["post-5056","projecte","type-projecte","status-publish","has-post-thumbnail","hentry","category-processes"],"acf":[],"_links":{"self":[{"href":"https:\/\/lafundicio.net\/en\/wp-json\/wp\/v2\/projecte\/5056","targetHints":{"allow":["GET"]}}],"collection":[{"href":"https:\/\/lafundicio.net\/en\/wp-json\/wp\/v2\/projecte"}],"about":[{"href":"https:\/\/lafundicio.net\/en\/wp-json\/wp\/v2\/types\/projecte"}],"wp:featuredmedia":[{"embeddable":true,"href":"https:\/\/lafundicio.net\/en\/wp-json\/wp\/v2\/media\/2739"}],"wp:attachment":[{"href":"https:\/\/lafundicio.net\/en\/wp-json\/wp\/v2\/media?parent=5056"}],"wp:term":[{"taxonomy":"category","embeddable":true,"href":"https:\/\/lafundicio.net\/en\/wp-json\/wp\/v2\/categories?post=5056"}],"curies":[{"name":"wp","href":"https:\/\/api.w.org\/{rel}","templated":true}]}}

<figure class="wp-block-image size-large"><img loading="lazy" decoding="async" width="512" height="1024" src="https://lafundicio.net/wp-content/uploads/2023/01/Nuevo-logo-EspaiDer3-512x1024.jpg" alt="" class="wp-image-2773" srcset="https://lafundicio.net/wp-content/uploads/2023/01/Nuevo-logo-EspaiDer3-512x1024.jpg 512w, https://lafundicio.net/wp-content/uploads/2023/01/Nuevo-logo-EspaiDer3-150x300.jpg 150w, https://lafundicio.net/wp-content/uploads/2023/01/Nuevo-logo-EspaiDer3.jpg 1654w" sizes="auto, (max-width: 512px) 100vw, 512px" /></figure>

<h2 class="wp-block-heading"><em>Introduction</em></h2>

<p><em>EspaiDer3</em> is a project that derives from previous work (projecte3) carried out with a group of 3rd and 4th year secondary school students from the Joanot Martorell institute in Esplugues de Llobregat. projecte3 proposed that a group of students analyze the school institution and propose spatial models and alternative content for the school, under an educational logic in which the voice and knowledge of the students themselves had a place. </p>

<blockquote class="wp-block-quote is-layout-flow wp-block-quote-is-layout-flow"><p>EspaiDer3* proposes to a group of young people from the neighborhoods of Can Vidalet (Esplugues de Llobregat) and Pubilla Casas (L’Hospitalet) constituted as Associació Juvenil EspaiDer3<em>, to collectively build and manage a center of a cultural, social and leisure nature, with a program of activities aimed at other young people in the neighborhood and open to citizen participation. EspaiDer3 </em>  is articulated as a learning community insofar as it bases its «educational» action on the collective transformation of public space and the social environment.</p></blockquote>

<h2 class="wp-block-heading">Customization Workshop</h2>

<p>The first phase of rehabilitation of the prefabricated modules that form the habitable core of the future EspaiDer3* was carried out during the days of February 28 and 29, and March 1 and 2, 2008, with the invaluable collaboration of numerous people interested in the project, during the customization workshop led by Santiago Cirugeda and Catarqsis; EspaiDer3* is a proposal by LaFundició with the participation of the EspaiDer3* youth association and in collaboration with this group of architects.</p>
<div class="lazyblock-slider-horizontal-9J51D wp-block-lazyblock-slider-horizontal"><div class="horizontalslider swiper">
  <div class="img-description helper-text">Swipe to see more</div>
   <div class="swiper-wrapper">
    <!-- Slides -->
    <div class="swiper-slide"><img decoding="async" src="https://lafundicio.net/wp-content/uploads/2023/01/Taller-customizacion-EspaiDer3.jpg" alt="photo"><div class="img-description">Taller de tuneado colectivo de la casa prefabricada cedida por la red Arquitecturas Colectivas al projecte3*. En el taller participaron jóvenes de la asociación EspaiDer3*, los colectivos Recetas Uranas, catarQsis y Straddle3.</div></div><div class="swiper-slide"><img decoding="async" src="https://lafundicio.net/wp-content/uploads/2023/01/AsambleaEspaiDer3.jpg" alt="photo"><div class="img-description">Reunión con los jóvenes de la asociación EspaiDer3*.</div></div><div class="swiper-slide"><img decoding="async" src="https://lafundicio.net/wp-content/uploads/2023/01/EspaiDer3-interior-1.jpg" alt="photo"><div class="img-description">Interior de la casa prefabricada que debía haber devenido el espacio social juvenil EspaiDer3*.</div></div>   
  </div>
   <div class="swiper-pagination"></div>
</div></div>
<h2 class="wp-block-heading">Objectives</h2>

<p>The EspaiDer3* association aims to create a physical space and an associative framework in which young people can participate autonomously in decision-making processes that directly concern them and allow them to play an active and proactive role in the public life of their immediate environment. As an organizing entity, LaFundició collaborates with and advises the association in the self-construction and management of this space. </p>

<p>The aim was to abandon the ‘assistance’ or ‘service’ paradigm to establish a horizontal area of collaboration between LaFundició and the young participants so that they go from being ‘users’ to ‘co-managers’. To enable a platform, resources and tools (material, intellectual and legal) that allow young people to have a direct and effective impact (not only symbolic) on public space and on the «construction of the city». </p>

<p>Critical thinking and action must start from the analysis of the mechanisms of discrimination and domination that lie at the base of social inequalities in order to arrive at transformative proposals that start from the young people themselves.</p>

<h2 class="wp-block-heading">«Methodology»?</h2>

<p>Self-construction and self-organization by young people are understood in themselves as the main ¿»pedagogical»? means. These processes include making decisions about the design of EspaiDer3 itself<em>, participation in its construction during the different phases, on what the bodies and the system of government of the association should be, as well as the activities that could have been carried out. The members of the association met periodically in a participatory assembly and decisions were made by consensus.  </em></p>

<h2 class="wp-block-heading">Contents</h2>

<p><em>From LaFundició we propose to articulate the programming of EspaiDer3</em> around two «thematic axes»:</p>

<p><strong>Territory Observatory:</strong> Includes all those activities that take the immediate urban and social context as a field of research and/or action. This area would include all activities related to audiovisual documentation, field work (interviews, routes through the neighborhood&#8230;) and the analysis and post-production of these materials. </p>

<p><strong>Artistic and Educational Laboratory</strong>: Includes all activities programmed in relation to creativity and learning. At the same time, we propose to explore the possibilities of artistic practice as a means of transforming the environment. This area would include possible exchanges with groups or initiatives that work in the same line of self-management of knowledge and organization.  </p>

<h2 class="wp-block-heading">Expected Results</h2>

<p>In general terms, the idea was to use EspaiDer3* as a meeting place, archive and, in the long term, office. At the same time, it was contemplated to organize specific activities making use of different spaces, institutional or not, in the neighborhood, thus establishing contact with other agents and groups and «colonizing» spaces that are not usually used by young people. </p>

<h4 class="has-text-align-center wp-block-heading">Web</h4>
<div class="lazyblock-link-list-Z2fGYhS wp-block-lazyblock-link-list"><section class="fullwidthinsidecontainer">
  <a target="_blank" class="btn btn-huge" href="http://projecte3.pbworks.com/w/page/19064465/FrontPage">http://projecte3.pbworks.com</a></section></div>

<p>EspaiDer3* was the project to create the headquarters of the EspaiDer3 Youth Association.</p>
<p>An intervention in the public and social space of the Can Vidalet and Pubilla Casas neighborhoods (Esplugues and l’Hospitalet respectively) coordinated by the young people themselves from these neighborhoods and LaFundició, with the collaboration of catarQsis and Santiago Cirugeda.</p>
