{"id":5055,"date":"2022-09-28T22:15:04","date_gmt":"2022-09-28T22:15:04","guid":{"rendered":"https:\/\/lafundicio.net\/projecte\/pomezia\/"},"modified":"2026-03-30T09:31:39","modified_gmt":"2026-03-30T09:31:39","slug":"pomezia","status":"publish","type":"projecte","link":"https:\/\/lafundicio.net\/en\/projecte\/pomezia\/","title":{"rendered":"Pomezia"},"content":{"rendered":"\n<p><\/p>\n\n<p>With the aim of enabling community self-organization processes and strengthening the neighborhood&#8217;s ecosystem, it is home to the La Florida Residents&#8217; Association (Associaci\u00f3 de Ve\u00efns i Ve\u00efnes de La Florida) and the La Florida Urban Commonality (La Florida s\u2019ave\u00efna), and hosts, among other initiatives, the La Florida Neighborhood Support Network. Comunalitats Urbanes is a program by the Department of Business and Labor of the Government of Catalonia (Generalitat de Catalunya) to boost local economies in neighborhoods and cities, strengthen urban common goods, and promote new mutual aid projects with the support of local residents, businesses, and associations. La Florida s\u2019ave\u00efna is driven by the cooperatives Keras Buti, Les Juntes, Cuidem amb cor, and the La Florida Residents&#8217; Association (AViV Florida).   <\/p>\n<div class=\"lazyblock-slider-horizontal-16aR3B wp-block-lazyblock-slider-horizontal\"><div class=\"horizontalslider swiper\">\n  <div class=\"img-description helper-text\">Swipe to see more<\/div>\n   <div class=\"swiper-wrapper\">\n    <!-- Slides -->\n    <div class=\"swiper-slide\"><img decoding=\"async\" src=\"https:\/\/lafundicio.net\/wp-content\/uploads\/2022\/09\/Pomezia3.jpg\" alt=\"photo\"><div class=\"img-description\">Xarxa de suport ve\u00efnal.<\/div><\/div><div class=\"swiper-slide\"><img decoding=\"async\" src=\"https:\/\/lafundicio.net\/wp-content\/uploads\/2022\/09\/Radio-Des-dels-blocs.jpg\" alt=\"photo\"><div class=\"img-description\">R\u00e0dio Des dels blocs en el estudio de radio del espacio Pomezia.<\/div><\/div><div class=\"swiper-slide\"><img decoding=\"async\" src=\"https:\/\/lafundicio.net\/wp-content\/uploads\/2022\/10\/Pomezia2.jpg\" alt=\"photo\"><div class=\"img-description\">Jornades DELTA 2022. Mesa Econom\u00edas comunitarias para sostener la vida, con Pastora Filigrana.<\/div><\/div><div class=\"swiper-slide\"><img decoding=\"async\" src=\"https:\/\/lafundicio.net\/wp-content\/uploads\/2022\/09\/EscolaPomezia-1.jpg\" alt=\"photo\"><div class=\"img-description\">Antigua Escola Pomezia en los Bloques Florida.<\/div><\/div>   \n  <\/div>\n   <div class=\"swiper-pagination\"><\/div>\n<\/div><\/div>\n<p>Pomezia embraces the memory of the territory and takes up the name of the old Pomezia school that stood in a self-built barracks in the square, a few meters from the current community space.<\/p>\n\n<p><\/p>\n","protected":false},"excerpt":{"rendered":"<p>With the aim of enabling community self-organization processes and strengthening the neighborhood&#8217;s ecosystem, it is home to the La Florida Residents&#8217; Association (Associaci\u00f3 de Ve\u00efns i Ve\u00efnes de La Florida) and the La Florida Urban Commonality (La Florida s\u2019ave\u00efna), and hosts, among other initiatives, the La Florida Neighborhood Support Network. Comunalitats Urbanes is a program <a href=\"https:\/\/lafundicio.net\/en\/projecte\/pomezia\/\" class=\"more-link\">&#8230;<span class=\"screen-reader-text\">  Pomezia<\/span><\/a><\/p>\n","protected":false},"featured_media":1965,"template":"","categories":[38],"class_list":["post-5055","projecte","type-projecte","status-publish","has-post-thumbnail","hentry","category-places"],"acf":[],"_links":{"self":[{"href":"https:\/\/lafundicio.net\/en\/wp-json\/wp\/v2\/projecte\/5055","targetHints":{"allow":["GET"]}}],"collection":[{"href":"https:\/\/lafundicio.net\/en\/wp-json\/wp\/v2\/projecte"}],"about":[{"href":"https:\/\/lafundicio.net\/en\/wp-json\/wp\/v2\/types\/projecte"}],"wp:featuredmedia":[{"embeddable":true,"href":"https:\/\/lafundicio.net\/en\/wp-json\/wp\/v2\/media\/1965"}],"wp:attachment":[{"href":"https:\/\/lafundicio.net\/en\/wp-json\/wp\/v2\/media?parent=5055"}],"wp:term":[{"taxonomy":"category","embeddable":true,"href":"https:\/\/lafundicio.net\/en\/wp-json\/wp\/v2\/categories?post=5055"}],"curies":[{"name":"wp","href":"https:\/\/api.w.org\/{rel}","templated":true}]}}

<p></p>

<p>With the aim of enabling community self-organization processes and strengthening the neighborhood&#8217;s ecosystem, it is home to the La Florida Residents&#8217; Association (Associació de Veïns i Veïnes de La Florida) and the La Florida Urban Commonality (La Florida s’aveïna), and hosts, among other initiatives, the La Florida Neighborhood Support Network. Comunalitats Urbanes is a program by the Department of Business and Labor of the Government of Catalonia (Generalitat de Catalunya) to boost local economies in neighborhoods and cities, strengthen urban common goods, and promote new mutual aid projects with the support of local residents, businesses, and associations. La Florida s’aveïna is driven by the cooperatives Keras Buti, Les Juntes, Cuidem amb cor, and the La Florida Residents&#8217; Association (AViV Florida).   </p>
<div class="lazyblock-slider-horizontal-16aR3B wp-block-lazyblock-slider-horizontal"><div class="horizontalslider swiper">
  <div class="img-description helper-text">Swipe to see more</div>
   <div class="swiper-wrapper">
    <!-- Slides -->
    <div class="swiper-slide"><img decoding="async" src="https://lafundicio.net/wp-content/uploads/2022/09/Pomezia3.jpg" alt="photo"><div class="img-description">Xarxa de suport veïnal.</div></div><div class="swiper-slide"><img decoding="async" src="https://lafundicio.net/wp-content/uploads/2022/09/Radio-Des-dels-blocs.jpg" alt="photo"><div class="img-description">Ràdio Des dels blocs en el estudio de radio del espacio Pomezia.</div></div><div class="swiper-slide"><img decoding="async" src="https://lafundicio.net/wp-content/uploads/2022/10/Pomezia2.jpg" alt="photo"><div class="img-description">Jornades DELTA 2022. Mesa Economías comunitarias para sostener la vida, con Pastora Filigrana.</div></div><div class="swiper-slide"><img decoding="async" src="https://lafundicio.net/wp-content/uploads/2022/09/EscolaPomezia-1.jpg" alt="photo"><div class="img-description">Antigua Escola Pomezia en los Bloques Florida.</div></div>   
  </div>
   <div class="swiper-pagination"></div>
</div></div>
<p>Pomezia embraces the memory of the territory and takes up the name of the old Pomezia school that stood in a self-built barracks in the square, a few meters from the current community space.</p>

<p></p>

<p>With the aim of enabling community self-organization processes and strengthening the neighborhood&#8217;s ecosystem, it is home to the La Florida Residents&#8217; Association (Associació de Veïns i Veïnes de La Florida) and the La Florida Urban Commonality (La Florida s’aveïna), and hosts, among other initiatives, the La Florida Neighborhood Support Network. Comunalitats Urbanes is a program <a href="https://lafundicio.net/en/projecte/pomezia/" class="more-link">&#8230;<span class="screen-reader-text">  Pomezia</span></a></p>
