{"id":5043,"date":"2023-01-19T22:43:11","date_gmt":"2023-01-19T22:43:11","guid":{"rendered":"https:\/\/lafundicio.net\/projecte\/lacho-baji\/"},"modified":"2025-10-09T10:40:54","modified_gmt":"2025-10-09T10:40:54","slug":"lacho-baji","status":"publish","type":"projecte","link":"https:\/\/lafundicio.net\/en\/projecte\/lacho-baji\/","title":{"rendered":"Lacho Baji"},"content":{"rendered":"<div class=\"lazyblock-slider-horizontal-4z8OG wp-block-lazyblock-slider-horizontal\"><div class=\"horizontalslider swiper\">\n  <div class=\"img-description helper-text\">Swipe to see more<\/div>\n   <div class=\"swiper-wrapper\">\n    <!-- Slides -->\n    <div class=\"swiper-slide\"><img decoding=\"async\" src=\"https:\/\/lafundicio.net\/wp-content\/uploads\/2023\/01\/LachoBaji1.jpg\" alt=\"photo\"><div class=\"img-description\"><\/div><\/div><div class=\"swiper-slide\"><img decoding=\"async\" src=\"https:\/\/lafundicio.net\/wp-content\/uploads\/2023\/01\/LachoBaji2.jpg\" alt=\"photo\"><div class=\"img-description\"><\/div><\/div><div class=\"swiper-slide\"><img decoding=\"async\" src=\"https:\/\/lafundicio.net\/wp-content\/uploads\/2023\/01\/LachoBaji3.jpg\" alt=\"photo\"><div class=\"img-description\"><\/div><\/div>   \n  <\/div>\n   <div class=\"swiper-pagination\"><\/div>\n<\/div><\/div>\n<p><em>Lacho baji<\/em> (Good Luck) was our proposal for this event, which we conceived in collaboration with the Lacho Baji Cali Association (Gypsy Good Luck) after several meetings, gatherings, and interviews with local residents, etc. It consisted of a walk through the territory inhabited by the Roma community of the El Gornal neighborhood (L&#8217;Hospitalet) from the early 1960s to the early 1990s, living first in self-built shacks and later in prefabricated houses, in the informal settlement known as La Cadena or Pol\u00edgono Pedrosa, located between the neighborhoods of Can Pi and La Bomba. This territory is now the site of the Distrito econ\u00f3mico-Gran Via of L&#8217;Hospitalet: a cluster of office buildings, shopping centers, and luxury hotels centered around the activity of the Gran Via fairgrounds of Fira Barcelona. <\/p>\n\n<p>On our walk, we were accompanied by the group Los Barraconeros\u2014formed by Juan Lu\u00eds Fern\u00e1ndez G\u00f3mez El Piki, Manuel G\u00f3mez Cort\u00e9s El Sepo, and L\u00e1zaro M\u00e1rquez Cort\u00e9s El Negro, all three members of Lach\u00f3 Baj\u00ed Cal\u00ed\u2014, who performed songs and chants in the places linked to that past that we proposed to remember, evoking that time. Also, during the walk, we distributed among those who accompanied us various texts and images that collect testimonies from the former inhabitants of La Cadena, refer to the development of the current Economic District, or to the Lach\u00f3 Baj\u00ed school, which was the first official institution established in the place\u2014you can see the cards at the end of the entry\u2014. <\/p>\n\n<p>Almost nothing remains of that time; the memory of the Roma community that inhabited that territory then lacks material references, having been erased by a city model subject to the logic of economic flows. Even so, we visited the minimal remains, the almost invisible traces of that memory: a farmhouse converted into the offices of the Consortium for the Reform of the Gran Via in L&#8217;Hospitalet; an empty lot that was once a passageway to the sites where the city&#8217;s waste was selected and back to the shacks, of which now only a few tiles remain hidden by uncontrolled weeds, next to a four-star hotel; vacant lots, owned by large investment groups that did not manage to build in time before the real estate bubble burst; and the place where the Puente School was located, which was attended by several generations of inhabitants of the shacks\u2014the Lacho Baji school\u2014which was located at what is now the main entrance to the fairgrounds. <\/p>\n\n<p>The name of the association: Lacho Baji Cali, those words, although incorporeal, are also a place of memory, perhaps the only one that explicitly unites the present of the Roma community of Gornal with its past.<\/p>\n\n<figure class=\"wp-block-embed is-type-video is-provider-youtube wp-block-embed-youtube wp-embed-aspect-16-9 wp-has-aspect-ratio\"><div class=\"wp-block-embed__wrapper\">\n<iframe loading=\"lazy\" title=\"Lach\u00f3 baj\u00ed: [parada 1] Asociaci\u00f3n Lach\u00f3 Baj\u00ed Cal\u00ed\" width=\"1778\" height=\"1000\" src=\"https:\/\/www.youtube.com\/embed\/QqUmMiLtBHE?feature=oembed\" frameborder=\"0\" allow=\"accelerometer; autoplay; clipboard-write; encrypted-media; gyroscope; picture-in-picture; web-share\" referrerpolicy=\"strict-origin-when-cross-origin\" allowfullscreen><\/iframe>\n<\/div><\/figure>\n\n<figure class=\"wp-block-embed is-type-video is-provider-youtube wp-block-embed-youtube wp-embed-aspect-16-9 wp-has-aspect-ratio\"><div class=\"wp-block-embed__wrapper\">\n<iframe loading=\"lazy\" title=\"Lach\u00f3 baj\u00ed: [parada 2] Can Gotlla \/ Sede del Consorci per a la reforma de la Gran Via\" width=\"1778\" height=\"1000\" src=\"https:\/\/www.youtube.com\/embed\/Cnm82k9Fq6w?feature=oembed\" frameborder=\"0\" allow=\"accelerometer; autoplay; clipboard-write; encrypted-media; gyroscope; picture-in-picture; web-share\" referrerpolicy=\"strict-origin-when-cross-origin\" allowfullscreen><\/iframe>\n<\/div><\/figure>\n\n<figure class=\"wp-block-embed is-type-video is-provider-youtube wp-block-embed-youtube wp-embed-aspect-16-9 wp-has-aspect-ratio\"><div class=\"wp-block-embed__wrapper\">\n<iframe loading=\"lazy\" title=\"Lach\u00f3 baj\u00ed: [parada 3] Barracones \/ Hotel Congress\" width=\"1778\" height=\"1000\" src=\"https:\/\/www.youtube.com\/embed\/oPSxaoaFUks?feature=oembed\" frameborder=\"0\" allow=\"accelerometer; autoplay; clipboard-write; encrypted-media; gyroscope; picture-in-picture; web-share\" referrerpolicy=\"strict-origin-when-cross-origin\" allowfullscreen><\/iframe>\n<\/div><\/figure>\n\n<figure class=\"wp-block-embed is-type-video is-provider-youtube wp-block-embed-youtube wp-embed-aspect-16-9 wp-has-aspect-ratio\"><div class=\"wp-block-embed__wrapper\">\n<iframe loading=\"lazy\" title=\"Lach\u00f3 baj\u00ed: [parada 4] Fira 2 \/ Lach\u00f3 Baj\u00ed\" width=\"1778\" height=\"1000\" src=\"https:\/\/www.youtube.com\/embed\/rEpL-DUIoy0?feature=oembed\" frameborder=\"0\" allow=\"accelerometer; autoplay; clipboard-write; encrypted-media; gyroscope; picture-in-picture; web-share\" referrerpolicy=\"strict-origin-when-cross-origin\" allowfullscreen><\/iframe>\n<\/div><\/figure>\n\n<h4 class=\"has-text-align-center wp-block-heading\">Videos<\/h4>\n<div class=\"lazyblock-link-list-Z20nhPT wp-block-lazyblock-link-list\"><section class=\"fullwidthinsidecontainer\">\n  <a target=\"_blank\" class=\"btn btn-huge\" href=\"https:\/\/www.youtube.com\/watch?v=QqUmMiLtBHE&amp;list=PLd9Wm23vr5RgSILLIkrwf9MHUuxtWn5kq\">Lista de reproducci\u00f3n Lacho Baji en YouTube<\/a><\/section><\/div>","protected":false},"excerpt":{"rendered":"<p>Lacho baji (Good Luck) was our proposal for this event, which we conceived in collaboration with the Lacho Baji Cali Association (Gypsy Good Luck) after several meetings, gatherings, and interviews with local residents, etc. It consisted of a walk through the territory inhabited by the Roma community of the El Gornal neighborhood (L&#8217;Hospitalet) from the <a href=\"https:\/\/lafundicio.net\/en\/projecte\/lacho-baji\/\" class=\"more-link\">&#8230;<span class=\"screen-reader-text\">  Lacho Baji<\/span><\/a><\/p>\n","protected":false},"featured_media":0,"template":"","categories":[40],"class_list":["post-5043","projecte","type-projecte","status-publish","hentry","category-processes"],"acf":[],"_links":{"self":[{"href":"https:\/\/lafundicio.net\/en\/wp-json\/wp\/v2\/projecte\/5043","targetHints":{"allow":["GET"]}}],"collection":[{"href":"https:\/\/lafundicio.net\/en\/wp-json\/wp\/v2\/projecte"}],"about":[{"href":"https:\/\/lafundicio.net\/en\/wp-json\/wp\/v2\/types\/projecte"}],"wp:attachment":[{"href":"https:\/\/lafundicio.net\/en\/wp-json\/wp\/v2\/media?parent=5043"}],"wp:term":[{"taxonomy":"category","embeddable":true,"href":"https:\/\/lafundicio.net\/en\/wp-json\/wp\/v2\/categories?post=5043"}],"curies":[{"name":"wp","href":"https:\/\/api.w.org\/{rel}","templated":true}]}}

<div class="lazyblock-slider-horizontal-4z8OG wp-block-lazyblock-slider-horizontal"><div class="horizontalslider swiper">
  <div class="img-description helper-text">Swipe to see more</div>
   <div class="swiper-wrapper">
    <!-- Slides -->
    <div class="swiper-slide"><img decoding="async" src="https://lafundicio.net/wp-content/uploads/2023/01/LachoBaji1.jpg" alt="photo"><div class="img-description"></div></div><div class="swiper-slide"><img decoding="async" src="https://lafundicio.net/wp-content/uploads/2023/01/LachoBaji2.jpg" alt="photo"><div class="img-description"></div></div><div class="swiper-slide"><img decoding="async" src="https://lafundicio.net/wp-content/uploads/2023/01/LachoBaji3.jpg" alt="photo"><div class="img-description"></div></div>   
  </div>
   <div class="swiper-pagination"></div>
</div></div>
<p><em>Lacho baji</em> (Good Luck) was our proposal for this event, which we conceived in collaboration with the Lacho Baji Cali Association (Gypsy Good Luck) after several meetings, gatherings, and interviews with local residents, etc. It consisted of a walk through the territory inhabited by the Roma community of the El Gornal neighborhood (L&#8217;Hospitalet) from the early 1960s to the early 1990s, living first in self-built shacks and later in prefabricated houses, in the informal settlement known as La Cadena or Polígono Pedrosa, located between the neighborhoods of Can Pi and La Bomba. This territory is now the site of the Distrito económico-Gran Via of L&#8217;Hospitalet: a cluster of office buildings, shopping centers, and luxury hotels centered around the activity of the Gran Via fairgrounds of Fira Barcelona. </p>

<p>On our walk, we were accompanied by the group Los Barraconeros—formed by Juan Luís Fernández Gómez El Piki, Manuel Gómez Cortés El Sepo, and Lázaro Márquez Cortés El Negro, all three members of Lachó Bají Calí—, who performed songs and chants in the places linked to that past that we proposed to remember, evoking that time. Also, during the walk, we distributed among those who accompanied us various texts and images that collect testimonies from the former inhabitants of La Cadena, refer to the development of the current Economic District, or to the Lachó Bají school, which was the first official institution established in the place—you can see the cards at the end of the entry—. </p>

<p>Almost nothing remains of that time; the memory of the Roma community that inhabited that territory then lacks material references, having been erased by a city model subject to the logic of economic flows. Even so, we visited the minimal remains, the almost invisible traces of that memory: a farmhouse converted into the offices of the Consortium for the Reform of the Gran Via in L&#8217;Hospitalet; an empty lot that was once a passageway to the sites where the city&#8217;s waste was selected and back to the shacks, of which now only a few tiles remain hidden by uncontrolled weeds, next to a four-star hotel; vacant lots, owned by large investment groups that did not manage to build in time before the real estate bubble burst; and the place where the Puente School was located, which was attended by several generations of inhabitants of the shacks—the Lacho Baji school—which was located at what is now the main entrance to the fairgrounds. </p>

<p>The name of the association: Lacho Baji Cali, those words, although incorporeal, are also a place of memory, perhaps the only one that explicitly unites the present of the Roma community of Gornal with its past.</p>

<figure class="wp-block-embed is-type-video is-provider-youtube wp-block-embed-youtube wp-embed-aspect-16-9 wp-has-aspect-ratio"><div class="wp-block-embed__wrapper">
<iframe loading="lazy" title="Lachó bají: [parada 1] Asociación Lachó Bají Calí" width="1778" height="1000" src="https://www.youtube.com/embed/QqUmMiLtBHE?feature=oembed" frameborder="0" allow="accelerometer; autoplay; clipboard-write; encrypted-media; gyroscope; picture-in-picture; web-share" referrerpolicy="strict-origin-when-cross-origin" allowfullscreen></iframe>
</div></figure>

<figure class="wp-block-embed is-type-video is-provider-youtube wp-block-embed-youtube wp-embed-aspect-16-9 wp-has-aspect-ratio"><div class="wp-block-embed__wrapper">
<iframe loading="lazy" title="Lachó bají: [parada 2] Can Gotlla / Sede del Consorci per a la reforma de la Gran Via" width="1778" height="1000" src="https://www.youtube.com/embed/Cnm82k9Fq6w?feature=oembed" frameborder="0" allow="accelerometer; autoplay; clipboard-write; encrypted-media; gyroscope; picture-in-picture; web-share" referrerpolicy="strict-origin-when-cross-origin" allowfullscreen></iframe>
</div></figure>

<figure class="wp-block-embed is-type-video is-provider-youtube wp-block-embed-youtube wp-embed-aspect-16-9 wp-has-aspect-ratio"><div class="wp-block-embed__wrapper">
<iframe loading="lazy" title="Lachó bají: [parada 3] Barracones / Hotel Congress" width="1778" height="1000" src="https://www.youtube.com/embed/oPSxaoaFUks?feature=oembed" frameborder="0" allow="accelerometer; autoplay; clipboard-write; encrypted-media; gyroscope; picture-in-picture; web-share" referrerpolicy="strict-origin-when-cross-origin" allowfullscreen></iframe>
</div></figure>

<figure class="wp-block-embed is-type-video is-provider-youtube wp-block-embed-youtube wp-embed-aspect-16-9 wp-has-aspect-ratio"><div class="wp-block-embed__wrapper">
<iframe loading="lazy" title="Lachó bají: [parada 4] Fira 2 / Lachó Bají" width="1778" height="1000" src="https://www.youtube.com/embed/rEpL-DUIoy0?feature=oembed" frameborder="0" allow="accelerometer; autoplay; clipboard-write; encrypted-media; gyroscope; picture-in-picture; web-share" referrerpolicy="strict-origin-when-cross-origin" allowfullscreen></iframe>
</div></figure>

<h4 class="has-text-align-center wp-block-heading">Videos</h4>
<div class="lazyblock-link-list-Z20nhPT wp-block-lazyblock-link-list"><section class="fullwidthinsidecontainer">
  <a target="_blank" class="btn btn-huge" href="https://www.youtube.com/watch?v=QqUmMiLtBHE&amp;list=PLd9Wm23vr5RgSILLIkrwf9MHUuxtWn5kq">Lista de reproducción Lacho Baji en YouTube</a></section></div>
