{"id":212,"date":"2016-09-20T21:17:29","date_gmt":"2016-09-20T21:17:29","guid":{"rendered":"http:\/\/lafundicio.net\/desdelsblocs\/?page_id=212"},"modified":"2016-09-20T21:17:29","modified_gmt":"2016-09-20T21:17:29","slug":"que-es-2","status":"publish","type":"page","link":"https:\/\/lafundicio.net\/desdelsblocs\/que-es-2\/?lang=ca","title":{"rendered":"Qu\u00e8 \u00e9s"},"content":{"rendered":"<p>\u00bfQuin \u00e9s l&#8217;imaginari que circula sobre els blocs de la Florida? Com podem crear entre moltxs un relat dels blocs de La Florida? <B> <i> Des dels blocs <\/ i> <\/ b> es proposa com un proc\u00e9s de creaci\u00f3 col\u00b7lectiva de relats, representacions i coneixement sobre un territori espec\u00edfic de <b> L&#8217;Hospitalet <\/ b>: els blocs de <b> La Florida <\/ b>; i al seu torn de creaci\u00f3 de situacions i espais de trobada i di\u00e0leg entre els col\u00b7lectius diversos que l&#8217;habiten.<\/p>\n<p>Inicialment proposem, mitjan\u00e7ant l&#8217;\u00fas d&#8217;eines gr\u00e0fiques i sonores -la serigrafia, la r\u00e0dio o el paisatge sonor- construir col\u00b7lectivament aquests relats, coneixements i espais de trobada; tot i que el proc\u00e9s roman totalment obert a les propostes i aportacions dels qui en ell hi col\u00b7laborin.<\/p>\n<p>Des d&#8217;inicis de 2016 hem contactat amb diversos grups de persones que assisteixen a diversos espais del <b> Centre Municipal Ana D\u00edaz Rico <\/ b>: el grup de dones que van al taller de manualitats, els joves que assisteixen a l&#8217;Espai Jove, les persones que assisteixen a les classes de flamenc, inform\u00e0tica, alfabetitzaci\u00f3 en catal\u00e0, el grup Cinema a barri o les joves que acudeixen a l&#8217;espai de refor\u00e7 escolar impartit per la Fundaci\u00f3 Pere Closa, dirigit a poblaci\u00f3 gitana dels blocs.<\/p>\n<p>El taller de serigrafia o la pr\u00f2pia r\u00e0dio funcionen com a espais de trobada no segregats en els quals compartir i repensar els m\u00faltiples discursos i les representacions sobre els blocs de La Florida -en moltes ocasions divergents i contradictoris, partint tamb\u00e9 de la pr\u00f2pia mem\u00f2ria del barri i de les hist\u00f2ries de vida dels seus habitants. A partir d&#8217;aquests processos volem obrir el debat a nous agents, prenent l&#8217;espai p\u00fablic com un lloc de trobades inesperades.<\/p>\n","protected":false},"excerpt":{"rendered":"<p>\u00bfQuin \u00e9s l&#8217;imaginari que circula sobre els blocs de la Florida? Com podem crear entre moltxs un relat dels blocs de La Florida? Des dels blocs es proposa com un proc\u00e9s de creaci\u00f3 col\u00b7lectiva de relats, representacions i coneixement sobre un territori espec\u00edfic de L&#8217;Hospitalet : els blocs de La Florida ; i al seu&#8230;<\/p>\n","protected":false},"author":1,"featured_media":33,"parent":0,"menu_order":0,"comment_status":"open","ping_status":"closed","template":"","meta":{"ngg_post_thumbnail":0,"rating_form_position":"","rating_results_position":"","mr_structured_data_type":"","footnotes":""},"class_list":["post-212","page","type-page","status-publish","has-post-thumbnail","hentry"],"multi-rating":{"mr_rating_results":[]},"_links":{"self":[{"href":"https:\/\/lafundicio.net\/desdelsblocs\/wp-json\/wp\/v2\/pages\/212","targetHints":{"allow":["GET"]}}],"collection":[{"href":"https:\/\/lafundicio.net\/desdelsblocs\/wp-json\/wp\/v2\/pages"}],"about":[{"href":"https:\/\/lafundicio.net\/desdelsblocs\/wp-json\/wp\/v2\/types\/page"}],"author":[{"embeddable":true,"href":"https:\/\/lafundicio.net\/desdelsblocs\/wp-json\/wp\/v2\/users\/1"}],"replies":[{"embeddable":true,"href":"https:\/\/lafundicio.net\/desdelsblocs\/wp-json\/wp\/v2\/comments?post=212"}],"version-history":[{"count":1,"href":"https:\/\/lafundicio.net\/desdelsblocs\/wp-json\/wp\/v2\/pages\/212\/revisions"}],"predecessor-version":[{"id":213,"href":"https:\/\/lafundicio.net\/desdelsblocs\/wp-json\/wp\/v2\/pages\/212\/revisions\/213"}],"wp:featuredmedia":[{"embeddable":true,"href":"https:\/\/lafundicio.net\/desdelsblocs\/wp-json\/wp\/v2\/media\/33"}],"wp:attachment":[{"href":"https:\/\/lafundicio.net\/desdelsblocs\/wp-json\/wp\/v2\/media?parent=212"}],"curies":[{"name":"wp","href":"https:\/\/api.w.org\/{rel}","templated":true}]}}