{"id":2776,"date":"2023-01-05T14:03:30","date_gmt":"2023-01-05T14:03:30","guid":{"rendered":"http:\/\/lafundicio.net\/projecte\/espaider3\/"},"modified":"2023-01-26T08:58:30","modified_gmt":"2023-01-26T08:58:30","slug":"espaider3","status":"publish","type":"projecte","link":"https:\/\/lafundicio.net\/ca\/projecte\/espaider3\/","title":{"rendered":"EspaiDer3*"},"content":{"rendered":"\n<figure class=\"wp-block-image size-large\"><img loading=\"lazy\" decoding=\"async\" width=\"512\" height=\"1024\" src=\"https:\/\/lafundicio.net\/wp-content\/uploads\/2023\/01\/Nuevo-logo-EspaiDer3-512x1024.jpg\" alt=\"\" class=\"wp-image-2773\" srcset=\"https:\/\/lafundicio.net\/wp-content\/uploads\/2023\/01\/Nuevo-logo-EspaiDer3-512x1024.jpg 512w, https:\/\/lafundicio.net\/wp-content\/uploads\/2023\/01\/Nuevo-logo-EspaiDer3-150x300.jpg 150w, https:\/\/lafundicio.net\/wp-content\/uploads\/2023\/01\/Nuevo-logo-EspaiDer3.jpg 1654w\" sizes=\"auto, (max-width: 512px) 100vw, 512px\" \/><\/figure>\n\n\n\n<h2 class=\"wp-block-heading\"><em>Introducci\u00f3<\/em><\/h2>\n\n\n\n<p><em>EspaiDer3<\/em> \u00e9s un projecte que deriva d&#8217;un treball previ (projecte3) realitzat amb un grup d&#8217;estudiants de 3r i 4t d&#8217;ESO de l&#8217;institut Joanot Martorell a Esplugues de Llobregat. projecte3 proposava a un grup d&#8217;estudiants analitzar la instituci\u00f3 escolar i que proposessin per a l&#8217;escola models espacials i continguts alternatius, sota una l\u00f2gica educativa on tingu\u00e9s cabuda la veu i el coneixement dels mateixos estudiants.<\/p>\n\n\n\n<blockquote class=\"wp-block-quote is-layout-flow wp-block-quote-is-layout-flow\"><p>EspaiDer3* proposa a un grup de joves dels barris de Can Vidalet (Esplugues de Llobregat) i Pubilla Casas (L&#8217;Hospitalet) constitu\u00efts com a Associaci\u00f3 Juvenil EspaiDer3<em>, construir i gestionar col\u00b7lectivament un centre de car\u00e0cter cultural, social i de lleure, amb un programa d&#8217;activitats adre\u00e7at a la resta de joves del barri i obert a la participaci\u00f3 ciutadana. EspaiDer3<\/em> s&#8217;articula com una comunitat d&#8217;aprenentatge perqu\u00e8 fonamenta la seva acci\u00f3 \u00abeducadora\u00bb en la transformaci\u00f3 col\u00b7lectiva de l&#8217;espai p\u00fablic i l&#8217;entorn social.<\/p><\/blockquote>\n\n\n\n<h2 class=\"wp-block-heading\">Taller de customitzaci\u00f3<\/h2>\n\n\n\n<p>La primera fase de rehabilitaci\u00f3 dels m\u00f2duls prefabricats que formen el nucli habitable del futur EspaiDer3* es va desenvolupar durant els dies 28 i 29 de febrer i 1 i 2 de mar\u00e7 de 2008, amb la inestimable col\u00b7laboraci\u00f3 de nombroses persones interessades en el projecte, durant el taller de customitzaci\u00f3 dirigit per Santiago Cirugeda i Catarqsis; EspaiDer3* \u00e9s una proposta de LaFundici\u00f3 amb la participaci\u00f3 de l&#8217;associaci\u00f3 juvenil EspaiDer3* i en col\u00b7laboraci\u00f3 amb aquest grup d&#8217;arquitectes.<\/p>\n\n\n<div class=\"lazyblock-slider-horizontal-9J51D wp-block-lazyblock-slider-horizontal\"><div class=\"horizontalslider swiper\">\n  <div class=\"img-description helper-text\">Llisca per veure m\u00e9s<\/div>\n   <div class=\"swiper-wrapper\">\n    <!-- Slides -->\n    <div class=\"swiper-slide\"><img decoding=\"async\" src=\"https:\/\/lafundicio.net\/wp-content\/uploads\/2023\/01\/Taller-customizacion-EspaiDer3.jpg\" alt=\"photo\"><div class=\"img-description\">Taller de tuneado colectivo de la casa prefabricada cedida por la red Arquitecturas Colectivas al projecte3*. En el taller participaron j\u00f3venes de la asociaci\u00f3n EspaiDer3*, los colectivos Recetas Uranas, catarQsis y Straddle3.<\/div><\/div><div class=\"swiper-slide\"><img decoding=\"async\" src=\"https:\/\/lafundicio.net\/wp-content\/uploads\/2023\/01\/AsambleaEspaiDer3.jpg\" alt=\"photo\"><div class=\"img-description\">Reuni\u00f3n con los j\u00f3venes de la asociaci\u00f3n EspaiDer3*.<\/div><\/div><div class=\"swiper-slide\"><img decoding=\"async\" src=\"https:\/\/lafundicio.net\/wp-content\/uploads\/2023\/01\/EspaiDer3-interior-1.jpg\" alt=\"photo\"><div class=\"img-description\">Interior de la casa prefabricada que deb\u00eda haber devenido el espacio social juvenil EspaiDer3*.<\/div><\/div>   \n  <\/div>\n   <div class=\"swiper-pagination\"><\/div>\n<\/div><\/div>\n\n\n<h2 class=\"wp-block-heading\">Objectius<\/h2>\n\n\n\n<p>L&#8217;associaci\u00f3 EspaiDer3* t\u00e9 com a objectiu crear un espai f\u00edsic i un marc associatiu en qu\u00e8 els joves puguin participar de manera aut\u00f2noma en processos de decisi\u00f3 que els afecten directament i els permeti exercir un paper actiu i propositiu dins la vida p\u00fablica del seu entorn m\u00e9s proper. Com a entitat organitzadora, LaFundici\u00f3 col\u00b7labora amb l&#8217;associaci\u00f3 i l&#8217;assessora en l&#8217;autoconstrucci\u00f3 i la gesti\u00f3 d&#8217;aquest espai.<\/p>\n\n\n\n<p>Es pretenia abandonar el paradigma &#8216;assistencial&#8217; o &#8216;de servei&#8217; per establir un \u00e0mbit horitzontal de col\u00b7laboraci\u00f3 entre LaFundici\u00f3 i els joves participants de manera que passin de ser &#8216;usuaris&#8217; a &#8216;co-getors&#8217;. Habilitar una plataforma, uns recursos i unes eines (materials, intel\u00b7lectuals i legals) que permetin als joves incidir de manera directa i efectiva (no nom\u00e9s simb\u00f2lica) a l&#8217;espai p\u00fablic ia la \u00abconsturcci\u00f3 de ciutat\u00bb.<\/p>\n\n\n\n<p>El pensament i l&#8217;acci\u00f3 cr\u00edtica ha de partir de l&#8217;an\u00e0lisi dels mecanismes de discriminaci\u00f3 i dominaci\u00f3 que resideixen a la base de les desigualtats socials per poder arribar a propostes transformadores que parteixin dels joves.<\/p>\n\n\n\n<h2 class=\"wp-block-heading\">\u00abMetodologia\u00bb?<\/h2>\n\n\n\n<p>L&#8217;autoconstrucci\u00f3 i l&#8217;autoorganitzaci\u00f3 per part dels joves s&#8217;entenen en si mateixes com a principals mitjans pedag\u00f2gics? Aquests processos inclouen la presa de decisions sobre el disseny propi de l&#8217;EspaiDer3<em>, la participaci\u00f3 a la seva construcci\u00f3 durant les diferents fases, sobre quins havien de ser els \u00f2rgans i el sistema de govern de l&#8217;associaci\u00f3, aix\u00ed com les activitats que es podrien haver dut a terme. Els membres de l&#8217;associaci\u00f3 es van reunir peri\u00f2dicament a l&#8217;assemblea participativa i les decisions es van prendre per consens. <\/em><\/p>\n\n\n\n<h2 class=\"wp-block-heading\">Continguts<\/h2>\n\n\n\n<p><em>Des de LaFundici\u00f3 proposem articular la programaci\u00f3 de l&#8217;EspaiDer3<\/em> al voltant de dos eixos tem\u00e0tics:<\/p>\n\n\n\n<p><strong>Observatori del Territori:<\/strong> Inclou totes aquelles activitats que prenguin el context urban\u00edstic i social m\u00e9s proper com a \u00e0mbit de recerca i\/o acci\u00f3. En aquest \u00e0mbit s&#8217;hi inclourien totes les activitats relacionades amb la documentaci\u00f3 audiovisual, el treball de camp (entrevistes, rutes pel barri\u2026) i l&#8217;an\u00e0lisi i la postproducci\u00f3 d&#8217;aquests materials.<\/p>\n\n\n\n<p><strong>Laboratori Art\u00edstic i Educatiu<\/strong>: Inclou totes les activitats programades en relaci\u00f3 amb la creativitat i l&#8217;aprenentatge. Alhora proposem explorar les possibilitats de la pr\u00e0ctica art\u00edstica com a mitj\u00e0 de transformaci\u00f3 de l&#8217;entorn. En aquest \u00e0mbit s&#8217;hi inclourien possibles intercanvis amb col\u00b7lectius o iniciatives que treballen en la mateixa l\u00ednia d&#8217;autogesti\u00f3 del coneixement i l&#8217;organitzaci\u00f3.<\/p>\n\n\n\n<h2 class=\"wp-block-heading\">Resultats esperats<\/h2>\n\n\n\n<p>En termes generals, es plantejava utilitzar l&#8217;EspaiDer3* com a lloc de reuni\u00f3, arxiu i, a llarg termini, oficina. Paral\u00b7lelament es contemplava organitzar activitats concretes fent \u00fas de diferents espais, institucionals o no, del barri, establint aix\u00ed contacte amb altres agents i col\u00b7lectius i \u00abcolonitzant\u00bb espais que habitualment no s\u00f3n utilitzats pels joves.<\/p>\n\n\n\n<h4 class=\"has-text-align-center wp-block-heading\">Web<\/h4>\n\n\n<div class=\"lazyblock-link-list-Z2fGYhS wp-block-lazyblock-link-list\"><section class=\"fullwidthinsidecontainer\">\n  <a target=\"_blank\" class=\"btn btn-huge\" href=\"http:\/\/projecte3.pbworks.com\/w\/page\/19064465\/FrontPage\">http:\/\/projecte3.pbworks.com<\/a><\/section><\/div>","protected":false},"excerpt":{"rendered":"<p>EspaiDer3* va ser el projecte de creaci\u00f3 de la seu de l&#8217;Associaci\u00f3 Juvenil EspaiDer3.<\/p>\n<p>Una intervenci\u00f3 a l&#8217;espai p\u00fablic i social dels barris de Can Vidalet i Pubilla Casas (Esplugues i l&#8217;Hospitalet respectivament) coordinada pels joves d&#8217;aquests barris i LaFundici\u00f3 i que va comptar amb la col\u00b7laboraci\u00f3 de catarQsis i Santiago Cirugeda.<\/p>\n","protected":false},"featured_media":2738,"template":"","categories":[39],"class_list":["post-2776","projecte","type-projecte","status-publish","has-post-thumbnail","hentry","category-processos"],"acf":[],"_links":{"self":[{"href":"https:\/\/lafundicio.net\/ca\/wp-json\/wp\/v2\/projecte\/2776","targetHints":{"allow":["GET"]}}],"collection":[{"href":"https:\/\/lafundicio.net\/ca\/wp-json\/wp\/v2\/projecte"}],"about":[{"href":"https:\/\/lafundicio.net\/ca\/wp-json\/wp\/v2\/types\/projecte"}],"wp:featuredmedia":[{"embeddable":true,"href":"https:\/\/lafundicio.net\/ca\/wp-json\/wp\/v2\/media\/2738"}],"wp:attachment":[{"href":"https:\/\/lafundicio.net\/ca\/wp-json\/wp\/v2\/media?parent=2776"}],"wp:term":[{"taxonomy":"category","embeddable":true,"href":"https:\/\/lafundicio.net\/ca\/wp-json\/wp\/v2\/categories?post=2776"}],"curies":[{"name":"wp","href":"https:\/\/api.w.org\/{rel}","templated":true}]}}

<figure class="wp-block-image size-large"><img loading="lazy" decoding="async" width="512" height="1024" src="https://lafundicio.net/wp-content/uploads/2023/01/Nuevo-logo-EspaiDer3-512x1024.jpg" alt="" class="wp-image-2773" srcset="https://lafundicio.net/wp-content/uploads/2023/01/Nuevo-logo-EspaiDer3-512x1024.jpg 512w, https://lafundicio.net/wp-content/uploads/2023/01/Nuevo-logo-EspaiDer3-150x300.jpg 150w, https://lafundicio.net/wp-content/uploads/2023/01/Nuevo-logo-EspaiDer3.jpg 1654w" sizes="auto, (max-width: 512px) 100vw, 512px" /></figure>



<h2 class="wp-block-heading"><em>Introducció</em></h2>



<p><em>EspaiDer3</em> és un projecte que deriva d&#8217;un treball previ (projecte3) realitzat amb un grup d&#8217;estudiants de 3r i 4t d&#8217;ESO de l&#8217;institut Joanot Martorell a Esplugues de Llobregat. projecte3 proposava a un grup d&#8217;estudiants analitzar la institució escolar i que proposessin per a l&#8217;escola models espacials i continguts alternatius, sota una lògica educativa on tingués cabuda la veu i el coneixement dels mateixos estudiants.</p>



<blockquote class="wp-block-quote is-layout-flow wp-block-quote-is-layout-flow"><p>EspaiDer3* proposa a un grup de joves dels barris de Can Vidalet (Esplugues de Llobregat) i Pubilla Casas (L&#8217;Hospitalet) constituïts com a Associació Juvenil EspaiDer3<em>, construir i gestionar col·lectivament un centre de caràcter cultural, social i de lleure, amb un programa d&#8217;activitats adreçat a la resta de joves del barri i obert a la participació ciutadana. EspaiDer3</em> s&#8217;articula com una comunitat d&#8217;aprenentatge perquè fonamenta la seva acció «educadora» en la transformació col·lectiva de l&#8217;espai públic i l&#8217;entorn social.</p></blockquote>



<h2 class="wp-block-heading">Taller de customització</h2>



<p>La primera fase de rehabilitació dels mòduls prefabricats que formen el nucli habitable del futur EspaiDer3* es va desenvolupar durant els dies 28 i 29 de febrer i 1 i 2 de març de 2008, amb la inestimable col·laboració de nombroses persones interessades en el projecte, durant el taller de customització dirigit per Santiago Cirugeda i Catarqsis; EspaiDer3* és una proposta de LaFundició amb la participació de l&#8217;associació juvenil EspaiDer3* i en col·laboració amb aquest grup d&#8217;arquitectes.</p>


<div class="lazyblock-slider-horizontal-9J51D wp-block-lazyblock-slider-horizontal"><div class="horizontalslider swiper">
  <div class="img-description helper-text">Llisca per veure més</div>
   <div class="swiper-wrapper">
    <!-- Slides -->
    <div class="swiper-slide"><img decoding="async" src="https://lafundicio.net/wp-content/uploads/2023/01/Taller-customizacion-EspaiDer3.jpg" alt="photo"><div class="img-description">Taller de tuneado colectivo de la casa prefabricada cedida por la red Arquitecturas Colectivas al projecte3*. En el taller participaron jóvenes de la asociación EspaiDer3*, los colectivos Recetas Uranas, catarQsis y Straddle3.</div></div><div class="swiper-slide"><img decoding="async" src="https://lafundicio.net/wp-content/uploads/2023/01/AsambleaEspaiDer3.jpg" alt="photo"><div class="img-description">Reunión con los jóvenes de la asociación EspaiDer3*.</div></div><div class="swiper-slide"><img decoding="async" src="https://lafundicio.net/wp-content/uploads/2023/01/EspaiDer3-interior-1.jpg" alt="photo"><div class="img-description">Interior de la casa prefabricada que debía haber devenido el espacio social juvenil EspaiDer3*.</div></div>   
  </div>
   <div class="swiper-pagination"></div>
</div></div>


<h2 class="wp-block-heading">Objectius</h2>



<p>L&#8217;associació EspaiDer3* té com a objectiu crear un espai físic i un marc associatiu en què els joves puguin participar de manera autònoma en processos de decisió que els afecten directament i els permeti exercir un paper actiu i propositiu dins la vida pública del seu entorn més proper. Com a entitat organitzadora, LaFundició col·labora amb l&#8217;associació i l&#8217;assessora en l&#8217;autoconstrucció i la gestió d&#8217;aquest espai.</p>



<p>Es pretenia abandonar el paradigma &#8216;assistencial&#8217; o &#8216;de servei&#8217; per establir un àmbit horitzontal de col·laboració entre LaFundició i els joves participants de manera que passin de ser &#8216;usuaris&#8217; a &#8216;co-getors&#8217;. Habilitar una plataforma, uns recursos i unes eines (materials, intel·lectuals i legals) que permetin als joves incidir de manera directa i efectiva (no només simbòlica) a l&#8217;espai públic ia la «consturcció de ciutat».</p>



<p>El pensament i l&#8217;acció crítica ha de partir de l&#8217;anàlisi dels mecanismes de discriminació i dominació que resideixen a la base de les desigualtats socials per poder arribar a propostes transformadores que parteixin dels joves.</p>



<h2 class="wp-block-heading">«Metodologia»?</h2>



<p>L&#8217;autoconstrucció i l&#8217;autoorganització per part dels joves s&#8217;entenen en si mateixes com a principals mitjans pedagògics? Aquests processos inclouen la presa de decisions sobre el disseny propi de l&#8217;EspaiDer3<em>, la participació a la seva construcció durant les diferents fases, sobre quins havien de ser els òrgans i el sistema de govern de l&#8217;associació, així com les activitats que es podrien haver dut a terme. Els membres de l&#8217;associació es van reunir periòdicament a l&#8217;assemblea participativa i les decisions es van prendre per consens. </em></p>



<h2 class="wp-block-heading">Continguts</h2>



<p><em>Des de LaFundició proposem articular la programació de l&#8217;EspaiDer3</em> al voltant de dos eixos temàtics:</p>



<p><strong>Observatori del Territori:</strong> Inclou totes aquelles activitats que prenguin el context urbanístic i social més proper com a àmbit de recerca i/o acció. En aquest àmbit s&#8217;hi inclourien totes les activitats relacionades amb la documentació audiovisual, el treball de camp (entrevistes, rutes pel barri…) i l&#8217;anàlisi i la postproducció d&#8217;aquests materials.</p>



<p><strong>Laboratori Artístic i Educatiu</strong>: Inclou totes les activitats programades en relació amb la creativitat i l&#8217;aprenentatge. Alhora proposem explorar les possibilitats de la pràctica artística com a mitjà de transformació de l&#8217;entorn. En aquest àmbit s&#8217;hi inclourien possibles intercanvis amb col·lectius o iniciatives que treballen en la mateixa línia d&#8217;autogestió del coneixement i l&#8217;organització.</p>



<h2 class="wp-block-heading">Resultats esperats</h2>



<p>En termes generals, es plantejava utilitzar l&#8217;EspaiDer3* com a lloc de reunió, arxiu i, a llarg termini, oficina. Paral·lelament es contemplava organitzar activitats concretes fent ús de diferents espais, institucionals o no, del barri, establint així contacte amb altres agents i col·lectius i «colonitzant» espais que habitualment no són utilitzats pels joves.</p>



<h4 class="has-text-align-center wp-block-heading">Web</h4>


<div class="lazyblock-link-list-Z2fGYhS wp-block-lazyblock-link-list"><section class="fullwidthinsidecontainer">
  <a target="_blank" class="btn btn-huge" href="http://projecte3.pbworks.com/w/page/19064465/FrontPage">http://projecte3.pbworks.com</a></section></div>

<p>EspaiDer3* va ser el projecte de creació de la seu de l&#8217;Associació Juvenil EspaiDer3.</p>
<p>Una intervenció a l&#8217;espai públic i social dels barris de Can Vidalet i Pubilla Casas (Esplugues i l&#8217;Hospitalet respectivament) coordinada pels joves d&#8217;aquests barris i LaFundició i que va comptar amb la col·laboració de catarQsis i Santiago Cirugeda.</p>
