{"id":2133,"date":"2022-09-07T16:59:00","date_gmt":"2022-09-07T16:59:00","guid":{"rendered":"http:\/\/lafundicio.net\/projecte\/fabra-i-coats-fabrica-de-creacion\/"},"modified":"2023-02-03T15:15:09","modified_gmt":"2023-02-03T15:15:09","slug":"fabra-i-coats-fabrica-de-creacion","status":"publish","type":"projecte","link":"https:\/\/lafundicio.net\/ca\/projecte\/fabra-i-coats-fabrica-de-creacion\/","title":{"rendered":"Fabra i Coats &#8211; F\u00e0brica de Creaci\u00f3"},"content":{"rendered":"\n<p><em>L&#8217;Ordit<\/em>, en tant que programa de cultura, educaci\u00f3 i territori \u00e9s el dispositiu del qual es dota la F\u00e0brica de Creaci\u00f3 per continuar tramant i sostenint relacions que la vinculin amb altres agents del territori partint de les necessitats, interessos, sensibilitats i especificitats de les comunitats i els contextos amb qui col\u00b7labora. <\/p>\n\n\n\n<p>Des de LaFundici\u00f3 ens encarreguem del disseny, el desenvolupament i el sosteniment de <em><a href=\"https:\/\/www.barcelona.cat\/fabraicoats\/ca\/cultura-educacio-territori\">L&#8217;Ordit<\/a><\/em>.<\/p>\n\n\n\n<blockquote class=\"wp-block-quote is-layout-flow wp-block-quote-is-layout-flow\"><p><a href=\"https:\/\/www.barcelona.cat\/fabraicoats\/ca\/cultura-educacio-territori\">https:\/\/www.barcelona.cat\/fabraicoats\/ca\/cultura-educacio-territori<\/a><\/p><\/blockquote>\n","protected":false},"excerpt":{"rendered":"<p>La Fabra i Coats \u2013 F\u00e0brica de Creaci\u00f3, pel seu empla\u00e7ament dins l&#8217;antic recinte fabril de Sant Andreu aix\u00ed com pel seu mandat destinat a donar suport a la creaci\u00f3 i a la difusi\u00f3 de les pr\u00e0ctiques art\u00edstiques i pensament contemporanis, s&#8217;ha dotat d&#8217;un dispositiu propi que faciliti la seva connexi\u00f3 amb el territori que habita.<\/p>\n","protected":false},"featured_media":1915,"template":"","categories":[37],"class_list":["post-2133","projecte","type-projecte","status-publish","has-post-thumbnail","hentry","category-llocs"],"acf":[],"_links":{"self":[{"href":"https:\/\/lafundicio.net\/ca\/wp-json\/wp\/v2\/projecte\/2133","targetHints":{"allow":["GET"]}}],"collection":[{"href":"https:\/\/lafundicio.net\/ca\/wp-json\/wp\/v2\/projecte"}],"about":[{"href":"https:\/\/lafundicio.net\/ca\/wp-json\/wp\/v2\/types\/projecte"}],"wp:featuredmedia":[{"embeddable":true,"href":"https:\/\/lafundicio.net\/ca\/wp-json\/wp\/v2\/media\/1915"}],"wp:attachment":[{"href":"https:\/\/lafundicio.net\/ca\/wp-json\/wp\/v2\/media?parent=2133"}],"wp:term":[{"taxonomy":"category","embeddable":true,"href":"https:\/\/lafundicio.net\/ca\/wp-json\/wp\/v2\/categories?post=2133"}],"curies":[{"name":"wp","href":"https:\/\/api.w.org\/{rel}","templated":true}]}}

Fabra i Coats &#8211; Fàbrica de Creació

<p><em>L&#8217;Ordit</em>, en tant que programa de cultura, educació i territori és el dispositiu del qual es dota la Fàbrica de Creació per continuar tramant i sostenint relacions que la vinculin amb altres agents del territori partint de les necessitats, interessos, sensibilitats i especificitats de les comunitats i els contextos amb qui col·labora. </p>



<p>Des de LaFundició ens encarreguem del disseny, el desenvolupament i el sosteniment de <em><a href="https://www.barcelona.cat/fabraicoats/ca/cultura-educacio-territori">L&#8217;Ordit</a></em>.</p>



<blockquote class="wp-block-quote is-layout-flow wp-block-quote-is-layout-flow"><p><a href="https://www.barcelona.cat/fabraicoats/ca/cultura-educacio-territori">https://www.barcelona.cat/fabraicoats/ca/cultura-educacio-territori</a></p></blockquote>

<p>La Fabra i Coats – Fàbrica de Creació, pel seu emplaçament dins l&#8217;antic recinte fabril de Sant Andreu així com pel seu mandat destinat a donar suport a la creació i a la difusió de les pràctiques artístiques i pensament contemporanis, s&#8217;ha dotat d&#8217;un dispositiu propi que faciliti la seva connexió amb el territori que habita.</p>
