{"id":1855,"date":"2014-02-10T15:45:58","date_gmt":"2014-02-10T15:45:58","guid":{"rendered":"http:\/\/lafundicio.net\/?post_type=projecte&#038;p=1855"},"modified":"2022-10-31T19:32:39","modified_gmt":"2022-10-31T19:32:39","slug":"centre-municipal-ana-diaz-rico","status":"publish","type":"projecte","link":"https:\/\/lafundicio.net\/ca\/projecte\/centre-municipal-ana-diaz-rico\/","title":{"rendered":"Centre Municipal Ana D\u00edaz Rico"},"content":{"rendered":"\n<figure class=\"wp-block-image size-large\"><img loading=\"lazy\" decoding=\"async\" width=\"1024\" height=\"770\" src=\"https:\/\/lafundicio.net\/wp-content\/uploads\/2022\/09\/CM_Ana_Diaz-1024x770.jpg\" alt=\"\" class=\"wp-image-1856\" srcset=\"https:\/\/lafundicio.net\/wp-content\/uploads\/2022\/09\/CM_Ana_Diaz-1024x770.jpg 1024w, https:\/\/lafundicio.net\/wp-content\/uploads\/2022\/09\/CM_Ana_Diaz-300x225.jpg 300w, https:\/\/lafundicio.net\/wp-content\/uploads\/2022\/09\/CM_Ana_Diaz.jpg 1501w\" sizes=\"auto, (max-width: 1024px) 100vw, 1024px\" \/><\/figure>\n\n\n\n<p>El centre s&#8217;erigeix sobre les antigues pistes de b\u00e0squet del barri on es reunien els joves i, per tant, sobre les mem\u00f2ries de les maneres de fer i d&#8217;estar a l&#8217;espai p\u00fablic pr\u00f2pies del ve\u00efnat. Des dels Blocs repr\u00e8n aquesta i altres tensions per construir imaginaris comuns d&#8217;all\u00f2 que significa ave\u00efnar-se a la Florida.&nbsp;<\/p>\n\n\n\n<p>M\u00e9s informaci\u00f3 sobre <em>Des dels blocs<\/em> al web del projecte:<\/p>\n\n\n\n<blockquote class=\"wp-block-quote is-layout-flow wp-block-quote-is-layout-flow\"><p><a href=\"http:\/\/www.lafundicio.net\/desdelsblocs\">www.lafundicio.net\/desdelsblocs<\/a><\/p><\/blockquote>\n","protected":false},"excerpt":{"rendered":"<p>El Centre Municipal Ana D\u00edaz Rico \u00e9s un equipament p\u00fablic ubicat al centre del barri del Blocs Florida. Des de 2016 ha estat l&#8217;epicentre des del qual s&#8217;ha activat el proc\u00e9s de treball Des dels Blocs, amb el prop\u00f2sit d\u2019obrir el centre a processos de creaci\u00f3 col\u00b7lectiva de relats, representacions i coneixement sobre el territori; i fomentar alhora la creaci\u00f3 de situacions i espais de trobada, di\u00e0leg i organitzaci\u00f3 entre els col\u00b7lectius i persones diverses que l&#8217;habiten.<\/p>\n","protected":false},"featured_media":1856,"template":"","categories":[37],"class_list":["post-1855","projecte","type-projecte","status-publish","has-post-thumbnail","hentry","category-llocs"],"acf":[],"_links":{"self":[{"href":"https:\/\/lafundicio.net\/ca\/wp-json\/wp\/v2\/projecte\/1855","targetHints":{"allow":["GET"]}}],"collection":[{"href":"https:\/\/lafundicio.net\/ca\/wp-json\/wp\/v2\/projecte"}],"about":[{"href":"https:\/\/lafundicio.net\/ca\/wp-json\/wp\/v2\/types\/projecte"}],"wp:featuredmedia":[{"embeddable":true,"href":"https:\/\/lafundicio.net\/ca\/wp-json\/wp\/v2\/media\/1856"}],"wp:attachment":[{"href":"https:\/\/lafundicio.net\/ca\/wp-json\/wp\/v2\/media?parent=1855"}],"wp:term":[{"taxonomy":"category","embeddable":true,"href":"https:\/\/lafundicio.net\/ca\/wp-json\/wp\/v2\/categories?post=1855"}],"curies":[{"name":"wp","href":"https:\/\/api.w.org\/{rel}","templated":true}]}}

Centre Municipal Ana Díaz Rico

<figure class="wp-block-image size-large"><img loading="lazy" decoding="async" width="1024" height="770" src="https://lafundicio.net/wp-content/uploads/2022/09/CM_Ana_Diaz-1024x770.jpg" alt="" class="wp-image-1856" srcset="https://lafundicio.net/wp-content/uploads/2022/09/CM_Ana_Diaz-1024x770.jpg 1024w, https://lafundicio.net/wp-content/uploads/2022/09/CM_Ana_Diaz-300x225.jpg 300w, https://lafundicio.net/wp-content/uploads/2022/09/CM_Ana_Diaz.jpg 1501w" sizes="auto, (max-width: 1024px) 100vw, 1024px" /></figure>



<p>El centre s&#8217;erigeix sobre les antigues pistes de bàsquet del barri on es reunien els joves i, per tant, sobre les memòries de les maneres de fer i d&#8217;estar a l&#8217;espai públic pròpies del veïnat. Des dels Blocs reprèn aquesta i altres tensions per construir imaginaris comuns d&#8217;allò que significa aveïnar-se a la Florida.&nbsp;</p>



<p>Més informació sobre <em>Des dels blocs</em> al web del projecte:</p>



<blockquote class="wp-block-quote is-layout-flow wp-block-quote-is-layout-flow"><p><a href="http://www.lafundicio.net/desdelsblocs">www.lafundicio.net/desdelsblocs</a></p></blockquote>

<p>El Centre Municipal Ana Díaz Rico és un equipament públic ubicat al centre del barri del Blocs Florida. Des de 2016 ha estat l&#8217;epicentre des del qual s&#8217;ha activat el procés de treball Des dels Blocs, amb el propòsit d’obrir el centre a processos de creació col·lectiva de relats, representacions i coneixement sobre el territori; i fomentar alhora la creació de situacions i espais de trobada, diàleg i organització entre els col·lectius i persones diverses que l&#8217;habiten.</p>
