{"id":3681,"date":"2023-02-03T10:55:16","date_gmt":"2023-02-03T10:55:16","guid":{"rendered":"http:\/\/lafundicio.net\/?post_type=persona&#038;p=3681"},"modified":"2023-02-03T10:55:17","modified_gmt":"2023-02-03T10:55:17","slug":"acpp","status":"publish","type":"persona","link":"https:\/\/lafundicio.net\/ca\/persona\/acpp\/","title":{"rendered":"ACPP"},"content":{"rendered":"\n<p>Impulsen moltes iniciatives de sensibilitzaci\u00f3 sobre la import\u00e0ncia de nous models de relacions econ\u00f2miques, amb processos participatius i generaci\u00f3 de moneda social, en col\u00b7laboraci\u00f3 a diverses administracions p\u00fabliques locals (veure annex amb recull de projectes).<\/p>\n","protected":false},"featured_media":3682,"template":"","categories":[],"class_list":["post-3681","persona","type-persona","status-publish","has-post-thumbnail","hentry"],"acf":[],"_links":{"self":[{"href":"https:\/\/lafundicio.net\/ca\/wp-json\/wp\/v2\/persona\/3681","targetHints":{"allow":["GET"]}}],"collection":[{"href":"https:\/\/lafundicio.net\/ca\/wp-json\/wp\/v2\/persona"}],"about":[{"href":"https:\/\/lafundicio.net\/ca\/wp-json\/wp\/v2\/types\/persona"}],"wp:featuredmedia":[{"embeddable":true,"href":"https:\/\/lafundicio.net\/ca\/wp-json\/wp\/v2\/media\/3682"}],"wp:attachment":[{"href":"https:\/\/lafundicio.net\/ca\/wp-json\/wp\/v2\/media?parent=3681"}],"wp:term":[{"taxonomy":"category","embeddable":true,"href":"https:\/\/lafundicio.net\/ca\/wp-json\/wp\/v2\/categories?post=3681"}],"curies":[{"name":"wp","href":"https:\/\/api.w.org\/{rel}","templated":true}]}}

<p>Impulsen moltes iniciatives de sensibilització sobre la importància de nous models de relacions econòmiques, amb processos participatius i generació de moneda social, en col·laboració a diverses administracions públiques locals (veure annex amb recull de projectes).</p>
