{"id":3234,"date":"2023-01-18T00:26:48","date_gmt":"2023-01-18T00:26:48","guid":{"rendered":"http:\/\/lafundicio.net\/persona\/faaq\/"},"modified":"2023-01-18T00:27:24","modified_gmt":"2023-01-18T00:27:24","slug":"faaq","status":"publish","type":"persona","link":"https:\/\/lafundicio.net\/ca\/persona\/faaq\/","title":{"rendered":"FAAQ"},"content":{"rendered":"\n<p>Des d&#8217;AULABIERTA i per AULABIERTA realitzen la ideaci\u00f3 i la coordinaci\u00f3 d&#8217;alguns tallers i projectes de continu\u00eftat com el projecte AULAGARDEN. A partir d&#8217;aqu\u00ed comencen a desenvolupar altres projectes amb la mateixa metodologia: posar en contacte diferents agents (arquitectes, creadors, professors, estudiants, ciutadans, etc.) que juntament amb FAAQ col\u00b7laboren en processos de coaprenentatge el tema recurrent del qual \u00e9s el q\u00fcestionament creatiu dels entorns que ens envolten. Les pr\u00e0ctiques col\u00b7laboratives que van dur a terme van ser experimentacions al voltant de noves maneres de posar en com\u00fa l&#8217;experi\u00e8ncia del col\u00b7lectiu i activar-la.<\/p>\n\n<p>Les formalitzacions dels projectes van ser for\u00e7a heterog\u00e8nies: des d&#8217;un jard\u00ed a un arxiu passant per un projecte pedag\u00f2gic. Per\u00f2 a partir d&#8217;ells s&#8217;obren processos de recerca, creaci\u00f3 i coaprenentatge en qu\u00e8 els participants posen les seves maneres de fer i les seves perspectives a treballar per crear una reflexi\u00f3 cr\u00edtica de l&#8217;entorn que habiten i inventar col\u00b7lectivament mecanismes creatius d&#8217;acci\u00f3 per modificar-los.<\/p>\n\n<p>Des de FAAQ es desenvolupen estrat\u00e8gies espacials, investigatives i audiovisuals on potenciar aquests processos col\u00b7laboratius per intervenir de manera cr\u00edtica en una realitat concreta.<\/p>\n","protected":false},"featured_media":3232,"template":"","categories":[],"class_list":["post-3234","persona","type-persona","status-publish","has-post-thumbnail","hentry"],"acf":[],"_links":{"self":[{"href":"https:\/\/lafundicio.net\/ca\/wp-json\/wp\/v2\/persona\/3234","targetHints":{"allow":["GET"]}}],"collection":[{"href":"https:\/\/lafundicio.net\/ca\/wp-json\/wp\/v2\/persona"}],"about":[{"href":"https:\/\/lafundicio.net\/ca\/wp-json\/wp\/v2\/types\/persona"}],"wp:featuredmedia":[{"embeddable":true,"href":"https:\/\/lafundicio.net\/ca\/wp-json\/wp\/v2\/media\/3232"}],"wp:attachment":[{"href":"https:\/\/lafundicio.net\/ca\/wp-json\/wp\/v2\/media?parent=3234"}],"wp:term":[{"taxonomy":"category","embeddable":true,"href":"https:\/\/lafundicio.net\/ca\/wp-json\/wp\/v2\/categories?post=3234"}],"curies":[{"name":"wp","href":"https:\/\/api.w.org\/{rel}","templated":true}]}}

<p>Des d&#8217;AULABIERTA i per AULABIERTA realitzen la ideació i la coordinació d&#8217;alguns tallers i projectes de continuïtat com el projecte AULAGARDEN. A partir d&#8217;aquí comencen a desenvolupar altres projectes amb la mateixa metodologia: posar en contacte diferents agents (arquitectes, creadors, professors, estudiants, ciutadans, etc.) que juntament amb FAAQ col·laboren en processos de coaprenentatge el tema recurrent del qual és el qüestionament creatiu dels entorns que ens envolten. Les pràctiques col·laboratives que van dur a terme van ser experimentacions al voltant de noves maneres de posar en comú l&#8217;experiència del col·lectiu i activar-la.</p>

<p>Les formalitzacions dels projectes van ser força heterogènies: des d&#8217;un jardí a un arxiu passant per un projecte pedagògic. Però a partir d&#8217;ells s&#8217;obren processos de recerca, creació i coaprenentatge en què els participants posen les seves maneres de fer i les seves perspectives a treballar per crear una reflexió crítica de l&#8217;entorn que habiten i inventar col·lectivament mecanismes creatius d&#8217;acció per modificar-los.</p>

<p>Des de FAAQ es desenvolupen estratègies espacials, investigatives i audiovisuals on potenciar aquests processos col·laboratius per intervenir de manera crítica en una realitat concreta.</p>
